{"id":672,"date":"2017-02-18T19:17:52","date_gmt":"2017-02-18T18:17:52","guid":{"rendered":"http:\/\/urbex-team-bremen-nord.de\/?page_id=672"},"modified":"2017-02-18T19:19:56","modified_gmt":"2017-02-18T18:19:56","slug":"sondermunitiunslager-d-revisit-022017","status":"publish","type":"page","link":"https:\/\/urbex-team-bremen-nord.de\/?page_id=672","title":{"rendered":"Sondermunitionslager D. [Revisit 02\/2017]"},"content":{"rendered":"<p>W\u00e4hrend des Kalten Kriegs lagerten im ehemaligen Sondermunitionslager atomare Waffen der US-Amerikaner. F\u00fcr die Deponierung der nuklearen Waffensysteme der Raketenartillerie waren in der ersten Zeit stets zwei getrennte Lager erforderlich. Im Sondermunitionslager wurden die Atomsprengk\u00f6pfe verwahrt. Daneben bedurfte es eines Lagers f\u00fcr die Raketentriebwerke.<\/p>\n<p>Das zweite Lager wurde in direkter Nachbarschaft eingerichtet. Die Bundeswehr half mit, das Gel\u00e4nde zu bewachen. Ende der 1980er Jahre &#8211; deutlich vor Ende des Kalten Krieges &#8211; wurde die Lagerung der Sondermunition abgezogen. Das Lager ist danach nur noch zu Ausbildungszwecken genutzt worden.<\/p>\n<p>Heute ist das ehemalige Milit\u00e4rareal f\u00fcr alle zug\u00e4nglich. Und im Wald rotten Generationen von Bunkern vor sich hin.<\/p>\n<div id=\"grid-gallery-26-60078\" data-gg-id=\"26\" data-title=\"Sondermunitionslager D. [Revisit 02\/2017]\" data-grid-type=\"0\" data-offset=\"5.3\" data-area-position=\"center\" data-icons=\"\" data-preloader=\"true\" data-width=\"215\" data-height=\"215\" data-padding=\"0\" data-quicksand=\"disabled\" data-quicksand-duration=\"none\" data-popup-theme=\"theme_6\" data-popup-type=\"pretty-photo\" data-popup-image-text=\"data-title\" data-popup-widthsize=\"auto\" data-popup-heightsize=\"auto\" data-popup-i18n-words=\"{&quot;close&quot;:&quot;schlie\\u00dfen&quot;,&quot;next&quot;:&quot;n\\u00e4chste&quot;,&quot;previous&quot;:&quot;vorherige&quot;,&quot;start_slideshow&quot;:&quot;Starte Slideshow&quot;,&quot;stop_slideshow&quot;:&quot;Stoppe Slideshow&quot;,&quot;image&quot;:&quot;Bild&quot;,&quot;of&quot;:&quot;von&quot;,&quot;prev&quot;:&quot;vorherige&quot;,&quot;cExpand&quot;:&quot;Erweitere&quot;,&quot;cPrevious&quot;:&quot;Vorheriges&quot;,&quot;cNext&quot;:&quot;N\\u00e4chstes&quot;,&quot;cExpandStr&quot;:&quot;Erweitere Bild&quot;,&quot;cRotate&quot;:&quot;Rotate&quot;,&quot;cDetails&quot;:&quot;Details&quot;}\" data-popup-slideshow=\"false\" data-popup-slideshow-speed=\"2500\" data-popup-hoverstop=\"false\" data-popup-slideshow-auto=\"false\" data-popup-background=\"\" data-popup-transparency=\"30\" data-popup-disable-history=\"\" data-popup-disable-changed-url=\"\" data-popup-border-type=\"\" data-popup-border-color=\"\" data-popup-border-width=\"\" data-popup-border-enable=\"\" data-fullscreen=\"false\" data-hide-tooltip=\"false\" data-caption-font-family=\"Default\" data-caption-text-size=\"140\" data-is-mobile=\"0\" data-caption-mobile=\"false\" data-hide-long-tltp-title=\"0\" data-caption-disabled-on-mobile=\"false\" data-popup-placement-type=\"0\" data-social-sharing=\"{&quot;enabled&quot;:&quot;&quot;,&quot;gallerySharing&quot;:{&quot;enabled&quot;:null,&quot;position&quot;:null},&quot;imageSharing&quot;:{&quot;enabled&quot;:null,&quot;wrapperClass&quot;:&quot; vertical &quot;},&quot;popupSharing&quot;:{&quot;enabled&quot;:null,&quot;wrapperClass&quot;:&quot; vertical &quot;}}\" class=\"grid-gallery grid-gallery-fixed \" style=\" width:100%; height:auto; margin-left:auto; margin-right:auto;position:relative;\"> <div class=\"gallery-loading\"> <div class=\"blocks\"> <div class=\"block\"><\/div> <div class=\"block\"><\/div> <div class=\"block\"><\/div> <div class=\"block\"><\/div> <\/div> <\/div> <div class=\"gallery-sharing-top\" style=\"display:none;\"> <\/div> <div id=\"photos-26\" class=\"grid-gallery-photos\"><FIGURE class=\"grid-gallery-caption\" data-grid-gallery-type=\"quarter-slide-up\" data-index=\"0\" style=\"display:none;border-radius:00;; margin:5.3px; width:2150;\" ><div class=\"crop\" style=\" width:2150; height:2150; overflow:hidden;\"><img decoding=\"async\" src=\"http:\/\/urbex-team-bremen-nord.de\/wp-content\/uploads\/2017\/02\/DJI_0130-215x215.jpg\" class=\"ggImg\" alt=\"Sondermunitiunslager D. [Revisit 02\/2017]\" title=\"Sondermunitiunslager D. [Revisit 02\/2017]\" data-description=\"Sondermunitiunslager D. [Revisit 02\/2017]\" data-caption=\"Sondermunitiunslager D. [Revisit 02\/2017]\" data-title=\"Sondermunitiunslager D. [Revisit 02\/2017]\" style=\" width:215px; height:215px;\" \/><\/div><FIGCAPTION class=\"\" data-alpha=\"5\" style=\"color:#ffffff; background-color:#6f0000; font-size:140; text-align:left; font-family:Default;\" ><div class=\"grid-gallery-figcaption-wrap\" style=\"\"><\/div><\/FIGCAPTION><\/FIGURE><FIGURE class=\"grid-gallery-caption\" data-grid-gallery-type=\"quarter-slide-up\" data-index=\"1\" style=\"display:none;border-radius:00;; margin:5.3px; width:2150;\" ><div class=\"crop\" style=\" width:2150; height:2150; overflow:hidden;\"><img decoding=\"async\" src=\"http:\/\/urbex-team-bremen-nord.de\/wp-content\/uploads\/2017\/02\/DJI_0136-215x215.jpg\" class=\"ggImg\" alt=\"Sondermunitiunslager D. [Revisit 02\/2017]\" title=\"Sondermunitiunslager D. [Revisit 02\/2017]\" data-description=\"Sondermunitiunslager D. [Revisit 02\/2017]\" data-caption=\"Sondermunitiunslager D. [Revisit 02\/2017]\" data-title=\"Sondermunitiunslager D. [Revisit 02\/2017]\" style=\" width:215px; height:215px;\" \/><\/div><FIGCAPTION class=\"\" data-alpha=\"5\" style=\"color:#ffffff; background-color:#6f0000; font-size:140; text-align:left; font-family:Default;\" ><div class=\"grid-gallery-figcaption-wrap\" style=\"\"><\/div><\/FIGCAPTION><\/FIGURE><FIGURE class=\"grid-gallery-caption\" data-grid-gallery-type=\"quarter-slide-up\" data-index=\"2\" style=\"display:none;border-radius:00;; margin:5.3px; width:2150;\" ><div class=\"crop\" style=\" width:2150; height:2150; overflow:hidden;\"><img decoding=\"async\" src=\"http:\/\/urbex-team-bremen-nord.de\/wp-content\/uploads\/2017\/02\/DJI_0105-215x215.jpg\" class=\"ggImg\" alt=\"Sondermunitiunslager D. [Revisit 02\/2017]\" title=\"Sondermunitiunslager D. [Revisit 02\/2017]\" data-description=\"Sondermunitiunslager D. [Revisit 02\/2017]\" data-caption=\"Sondermunitiunslager D. [Revisit 02\/2017]\" data-title=\"Sondermunitiunslager D. [Revisit 02\/2017]\" style=\" width:215px; height:215px;\" \/><\/div><FIGCAPTION class=\"\" data-alpha=\"5\" style=\"color:#ffffff; background-color:#6f0000; font-size:140; text-align:left; font-family:Default;\" ><div class=\"grid-gallery-figcaption-wrap\" style=\"\"><\/div><\/FIGCAPTION><\/FIGURE><FIGURE class=\"grid-gallery-caption\" data-grid-gallery-type=\"quarter-slide-up\" data-index=\"3\" style=\"display:none;border-radius:00;; margin:5.3px; width:2150;\" ><div class=\"crop\" style=\" width:2150; height:2150; overflow:hidden;\"><img decoding=\"async\" src=\"http:\/\/urbex-team-bremen-nord.de\/wp-content\/uploads\/2017\/02\/DJI_0104-215x215.jpg\" class=\"ggImg\" alt=\"Sondermunitiunslager D. [Revisit 02\/2017]\" title=\"Sondermunitiunslager D. [Revisit 02\/2017]\" data-description=\"Sondermunitiunslager D. [Revisit 02\/2017]\" data-caption=\"Sondermunitiunslager D. [Revisit 02\/2017]\" data-title=\"Sondermunitiunslager D. [Revisit 02\/2017]\" style=\" width:215px; height:215px;\" \/><\/div><FIGCAPTION class=\"\" data-alpha=\"5\" style=\"color:#ffffff; background-color:#6f0000; font-size:140; text-align:left; font-family:Default;\" ><div class=\"grid-gallery-figcaption-wrap\" style=\"\"><\/div><\/FIGCAPTION><\/FIGURE><FIGURE class=\"grid-gallery-caption\" data-grid-gallery-type=\"quarter-slide-up\" data-index=\"4\" style=\"display:none;border-radius:00;; margin:5.3px; width:2150;\" ><div class=\"crop\" style=\" width:2150; height:2150; overflow:hidden;\"><img decoding=\"async\" src=\"http:\/\/urbex-team-bremen-nord.de\/wp-content\/uploads\/2017\/02\/DJI_0124-215x215.jpg\" class=\"ggImg\" alt=\"Sondermunitiunslager D. [Revisit 02\/2017]\" title=\"Sondermunitiunslager D. [Revisit 02\/2017]\" data-description=\"Sondermunitiunslager D. [Revisit 02\/2017]\" data-caption=\"Sondermunitiunslager D. [Revisit 02\/2017]\" data-title=\"Sondermunitiunslager D. [Revisit 02\/2017]\" style=\" width:215px; height:215px;\" \/><\/div><FIGCAPTION class=\"\" data-alpha=\"5\" style=\"color:#ffffff; background-color:#6f0000; font-size:140; text-align:left; font-family:Default;\" ><div class=\"grid-gallery-figcaption-wrap\" style=\"\"><\/div><\/FIGCAPTION><\/FIGURE><FIGURE class=\"grid-gallery-caption\" data-grid-gallery-type=\"quarter-slide-up\" data-index=\"5\" style=\"display:none;border-radius:00;; margin:5.3px; width:2150;\" ><div class=\"crop\" style=\" width:2150; height:2150; overflow:hidden;\"><img decoding=\"async\" src=\"http:\/\/urbex-team-bremen-nord.de\/wp-content\/uploads\/2017\/02\/DJI_0111-215x215.jpg\" class=\"ggImg\" alt=\"Sondermunitiunslager D. [Revisit 02\/2017]\" title=\"Sondermunitiunslager D. [Revisit 02\/2017]\" data-description=\"Sondermunitiunslager D. [Revisit 02\/2017]\" data-caption=\"Sondermunitiunslager D. [Revisit 02\/2017]\" data-title=\"Sondermunitiunslager D. [Revisit 02\/2017]\" style=\" width:215px; height:215px;\" \/><\/div><FIGCAPTION class=\"\" data-alpha=\"5\" style=\"color:#ffffff; background-color:#6f0000; font-size:140; text-align:left; font-family:Default;\" ><div class=\"grid-gallery-figcaption-wrap\" style=\"\"><\/div><\/FIGCAPTION><\/FIGURE><FIGURE class=\"grid-gallery-caption\" data-grid-gallery-type=\"quarter-slide-up\" data-index=\"6\" style=\"display:none;border-radius:00;; margin:5.3px; width:2150;\" ><div class=\"crop\" style=\" width:2150; height:2150; overflow:hidden;\"><img decoding=\"async\" src=\"http:\/\/urbex-team-bremen-nord.de\/wp-content\/uploads\/2017\/02\/DSC_5831_HDR-215x215.jpg\" class=\"ggImg\" alt=\"Sondermunitiunslager D. [Revisit 02\/2017]\" title=\"Sondermunitiunslager D. [Revisit 02\/2017]\" data-description=\"Sondermunitiunslager D. [Revisit 02\/2017]\" data-caption=\"Sondermunitiunslager D. [Revisit 02\/2017]\" data-title=\"Sondermunitiunslager D. [Revisit 02\/2017]\" style=\" width:215px; height:215px;\" \/><\/div><FIGCAPTION class=\"\" data-alpha=\"5\" style=\"color:#ffffff; background-color:#6f0000; font-size:140; text-align:left; font-family:Default;\" ><div class=\"grid-gallery-figcaption-wrap\" style=\"\"><\/div><\/FIGCAPTION><\/FIGURE><FIGURE class=\"grid-gallery-caption\" data-grid-gallery-type=\"quarter-slide-up\" data-index=\"7\" style=\"display:none;border-radius:00;; margin:5.3px; width:2150;\" ><div class=\"crop\" style=\" width:2150; height:2150; overflow:hidden;\"><img decoding=\"async\" src=\"http:\/\/urbex-team-bremen-nord.de\/wp-content\/uploads\/2017\/02\/DSC_5825_HDR-215x215.jpg\" class=\"ggImg\" alt=\"Sondermunitiunslager D. [Revisit 02\/2017]\" title=\"Sondermunitiunslager D. [Revisit 02\/2017]\" data-description=\"Sondermunitiunslager D. [Revisit 02\/2017]\" data-caption=\"Sondermunitiunslager D. [Revisit 02\/2017]\" data-title=\"Sondermunitiunslager D. [Revisit 02\/2017]\" style=\" width:215px; height:215px;\" \/><\/div><FIGCAPTION class=\"\" data-alpha=\"5\" style=\"color:#ffffff; background-color:#6f0000; font-size:140; text-align:left; font-family:Default;\" ><div class=\"grid-gallery-figcaption-wrap\" style=\"\"><\/div><\/FIGCAPTION><\/FIGURE><FIGURE class=\"grid-gallery-caption\" data-grid-gallery-type=\"quarter-slide-up\" data-index=\"8\" style=\"display:none;border-radius:00;; margin:5.3px; width:2150;\" ><div class=\"crop\" style=\" width:2150; height:2150; overflow:hidden;\"><img decoding=\"async\" src=\"http:\/\/urbex-team-bremen-nord.de\/wp-content\/uploads\/2017\/02\/DSC_5808_HDR-215x215.jpg\" class=\"ggImg\" alt=\"Sondermunitiunslager D. [Revisit 02\/2017]\" title=\"Sondermunitiunslager D. [Revisit 02\/2017]\" data-description=\"Sondermunitiunslager D. [Revisit 02\/2017]\" data-caption=\"Sondermunitiunslager D. [Revisit 02\/2017]\" data-title=\"Sondermunitiunslager D. [Revisit 02\/2017]\" style=\" width:215px; height:215px;\" \/><\/div><FIGCAPTION class=\"\" data-alpha=\"5\" style=\"color:#ffffff; background-color:#6f0000; font-size:140; text-align:left; font-family:Default;\" ><div class=\"grid-gallery-figcaption-wrap\" style=\"\"><\/div><\/FIGCAPTION><\/FIGURE><FIGURE class=\"grid-gallery-caption\" data-grid-gallery-type=\"quarter-slide-up\" data-index=\"9\" style=\"display:none;border-radius:00;; margin:5.3px; width:2150;\" ><div class=\"crop\" style=\" width:2150; height:2150; overflow:hidden;\"><img decoding=\"async\" src=\"http:\/\/urbex-team-bremen-nord.de\/wp-content\/uploads\/2017\/02\/DSC_5797_HDR-215x215.jpg\" class=\"ggImg\" alt=\"Sondermunitiunslager D. [Revisit 02\/2017]\" title=\"Sondermunitiunslager D. [Revisit 02\/2017]\" data-description=\"Sondermunitiunslager D. [Revisit 02\/2017]\" data-caption=\"Sondermunitiunslager D. [Revisit 02\/2017]\" data-title=\"Sondermunitiunslager D. [Revisit 02\/2017]\" style=\" width:215px; height:215px;\" \/><\/div><FIGCAPTION class=\"\" data-alpha=\"5\" style=\"color:#ffffff; background-color:#6f0000; font-size:140; text-align:left; font-family:Default;\" ><div class=\"grid-gallery-figcaption-wrap\" style=\"\"><\/div><\/FIGCAPTION><\/FIGURE><FIGURE class=\"grid-gallery-caption\" data-grid-gallery-type=\"quarter-slide-up\" data-index=\"10\" style=\"display:none;border-radius:00;; margin:5.3px; width:2150;\" ><div class=\"crop\" style=\" width:2150; height:2150; overflow:hidden;\"><img decoding=\"async\" src=\"http:\/\/urbex-team-bremen-nord.de\/wp-content\/uploads\/2017\/02\/DSC_5793_HDR-215x215.jpg\" class=\"ggImg\" alt=\"Sondermunitiunslager D. [Revisit 02\/2017]\" title=\"Sondermunitiunslager D. [Revisit 02\/2017]\" data-description=\"Sondermunitiunslager D. [Revisit 02\/2017]\" data-caption=\"Sondermunitiunslager D. [Revisit 02\/2017]\" data-title=\"Sondermunitiunslager D. [Revisit 02\/2017]\" style=\" width:215px; height:215px;\" \/><\/div><FIGCAPTION class=\"\" data-alpha=\"5\" style=\"color:#ffffff; background-color:#6f0000; font-size:140; text-align:left; font-family:Default;\" ><div class=\"grid-gallery-figcaption-wrap\" style=\"\"><\/div><\/FIGCAPTION><\/FIGURE><FIGURE class=\"grid-gallery-caption\" data-grid-gallery-type=\"quarter-slide-up\" data-index=\"11\" style=\"display:none;border-radius:00;; margin:5.3px; width:2150;\" ><div class=\"crop\" style=\" width:2150; height:2150; overflow:hidden;\"><img decoding=\"async\" src=\"http:\/\/urbex-team-bremen-nord.de\/wp-content\/uploads\/2017\/02\/DSC_5786_HDR-215x215.jpg\" class=\"ggImg\" alt=\"Sondermunitiunslager D. [Revisit 02\/2017]\" title=\"Sondermunitiunslager D. [Revisit 02\/2017]\" data-description=\"Sondermunitiunslager D. [Revisit 02\/2017]\" data-caption=\"Sondermunitiunslager D. [Revisit 02\/2017]\" data-title=\"Sondermunitiunslager D. [Revisit 02\/2017]\" style=\" width:215px; height:215px;\" \/><\/div><FIGCAPTION class=\"\" data-alpha=\"5\" style=\"color:#ffffff; background-color:#6f0000; font-size:140; text-align:left; font-family:Default;\" ><div class=\"grid-gallery-figcaption-wrap\" style=\"\"><\/div><\/FIGCAPTION><\/FIGURE><FIGURE class=\"grid-gallery-caption\" data-grid-gallery-type=\"quarter-slide-up\" data-index=\"12\" style=\"display:none;border-radius:00;; margin:5.3px; width:2150;\" ><div class=\"crop\" style=\" width:2150; height:2150; overflow:hidden;\"><img decoding=\"async\" src=\"http:\/\/urbex-team-bremen-nord.de\/wp-content\/uploads\/2017\/02\/DSC_5785_HDR-215x215.jpg\" class=\"ggImg\" alt=\"Sondermunitiunslager D. [Revisit 02\/2017]\" title=\"Sondermunitiunslager D. [Revisit 02\/2017]\" data-description=\"Sondermunitiunslager D. [Revisit 02\/2017]\" data-caption=\"Sondermunitiunslager D. [Revisit 02\/2017]\" data-title=\"Sondermunitiunslager D. [Revisit 02\/2017]\" style=\" width:215px; height:215px;\" \/><\/div><FIGCAPTION class=\"\" data-alpha=\"5\" style=\"color:#ffffff; background-color:#6f0000; font-size:140; text-align:left; font-family:Default;\" ><div class=\"grid-gallery-figcaption-wrap\" style=\"\"><\/div><\/FIGCAPTION><\/FIGURE> <div class=\"grid-gallery-clearfix\"><\/div> <\/div> <div class=\"gallery-sharing-bottom\" style=\"display:none;\"> <\/div> <div class=\"gallery-sharing-image\" style=\"display:none;\"> <\/div> <div class=\"gallery-sharing-popup\" style=\"display:none;\"> <\/div> <div class=\"grid-gallery-clearfix\"><\/div> <\/div> <!-- Gallery by Supsystic plugin1.15.25 --><a title=\"Wordpress Gallery Plugin Free\" style=\"display:none;\" href=\"https:\/\/supsystic.com\/plugins\/photo-gallery\/?utm_medium=love_link\" target=\"_blank\">Wordpress Gallery Plugin Free<\/a>\n","protected":false},"excerpt":{"rendered":"<p>W\u00e4hrend des Kalten Kriegs lagerten im ehemaligen Sondermunitionslager atomare Waffen der US-Amerikaner. F\u00fcr die Deponierung der nuklearen Waffensysteme der Raketenartillerie waren in der ersten Zeit stets zwei getrennte Lager erforderlich. Im Sondermunitionslager wurden die Atomsprengk\u00f6pfe verwahrt. Daneben bedurfte es eines Lagers f\u00fcr die Raketentriebwerke. Das zweite Lager wurde in direkter Nachbarschaft eingerichtet. Die Bundeswehr half &hellip; <a href=\"https:\/\/urbex-team-bremen-nord.de\/?page_id=672\" class=\"more-link\"><span class=\"screen-reader-text\">Sondermunitionslager D. [Revisit 02\/2017]<\/span> weiterlesen<\/a><\/p>\n","protected":false},"author":2,"featured_media":0,"parent":0,"menu_order":0,"comment_status":"closed","ping_status":"closed","template":"","meta":{"ngg_post_thumbnail":0,"footnotes":""},"class_list":["post-672","page","type-page","status-publish","hentry"],"_links":{"self":[{"href":"https:\/\/urbex-team-bremen-nord.de\/index.php?rest_route=\/wp\/v2\/pages\/672","targetHints":{"allow":["GET"]}}],"collection":[{"href":"https:\/\/urbex-team-bremen-nord.de\/index.php?rest_route=\/wp\/v2\/pages"}],"about":[{"href":"https:\/\/urbex-team-bremen-nord.de\/index.php?rest_route=\/wp\/v2\/types\/page"}],"author":[{"embeddable":true,"href":"https:\/\/urbex-team-bremen-nord.de\/index.php?rest_route=\/wp\/v2\/users\/2"}],"replies":[{"embeddable":true,"href":"https:\/\/urbex-team-bremen-nord.de\/index.php?rest_route=%2Fwp%2Fv2%2Fcomments&post=672"}],"version-history":[{"count":2,"href":"https:\/\/urbex-team-bremen-nord.de\/index.php?rest_route=\/wp\/v2\/pages\/672\/revisions"}],"predecessor-version":[{"id":675,"href":"https:\/\/urbex-team-bremen-nord.de\/index.php?rest_route=\/wp\/v2\/pages\/672\/revisions\/675"}],"wp:attachment":[{"href":"https:\/\/urbex-team-bremen-nord.de\/index.php?rest_route=%2Fwp%2Fv2%2Fmedia&parent=672"}],"curies":[{"name":"wp","href":"https:\/\/api.w.org\/{rel}","templated":true}]}}