{"id":649,"date":"2017-02-08T18:32:01","date_gmt":"2017-02-08T17:32:01","guid":{"rendered":"http:\/\/urbex-team-bremen-nord.de\/?page_id=649"},"modified":"2017-02-08T18:32:01","modified_gmt":"2017-02-08T17:32:01","slug":"schacht-p-revisit-022017","status":"publish","type":"page","link":"https:\/\/urbex-team-bremen-nord.de\/?page_id=649","title":{"rendered":"Schacht P. [Revisit 02\/2017]"},"content":{"rendered":"<p>An diesem Schacht sollte eigentlich eine eigene Schachtanlage entstehen. Durch den 2. Weltkrieg kam es zu Verz\u00f6gerungen und durch die Kohlekriese in den 1960er Jahren wurde dieser Plan wieder verworfen. Dieser Schacht diente dazu, die Arbeiter und das Material so schnell wie m\u00f6glich zur eigentlichen Abbau-Stelle zu bef\u00f6rdern. Daher entstand dort nur eine Seilfahrtanlage mit einem zus\u00e4tzlichen Luftschacht, eine Waschkaue und einige Sozialgeb\u00e4ude. Die Sozialgeb\u00e4ude sind inzwischen weitestgehend abgerissen.<\/p>\n<p>Im heutigen bergm\u00e4nnischen Sprachgebrauch wird mit Kaue allgemein ein umbauter \u00fcbert\u00e4giger Raum bezeichnet, der z. B. als Aufenthalts- oder Umkleidem\u00f6glichkeit (Waschkaue) genutzt wird. Die Waschkaue besteht im Wesentlichen aus zwei praktisch identischen Umkleidehallen (\u201eWei\u00dfkaue\u201c und \u201eSchwarzkaue\u201c), zwischen denen sich Duschen und andere Waschm\u00f6glichkeiten befinden. Die private Kleidung wird in der Wei\u00dfkaue ausgezogen, an K\u00f6rben mit Haken geh\u00e4ngt und an einer Kette mehrere Meter bis unter die Decke gezogen. Die Kette wird mit einem Schloss gesichert. Der Bergmann geht dann zur Schwarzkaue, in der die Arbeitskleidung ebenso unter der Decke h\u00e4ngt und zieht sie an. Nach der Arbeitsschicht h\u00e4ngt er in der Schwarzkaue die verdreckte Arbeitskleidung wieder unter die Decke und kann dann zu den Duschr\u00e4umen gehen.<\/p>\n<p>Im Jahre 2008 wurde das Gel\u00e4nde stillgelegt und 2009 verf\u00fcllt. Seit dem verf\u00e4llt dieses Gel\u00e4nde immer mehr und wird sich selbst \u00fcberlassen.<\/p>\n<div id=\"grid-gallery-25-6123\" data-gg-id=\"25\" data-title=\"Schacht P. [Revisit 02\/2017]\" data-grid-type=\"0\" data-offset=\"5.3\" data-area-position=\"center\" data-icons=\"\" data-preloader=\"\" data-width=\"215\" data-height=\"215\" data-padding=\"\" data-quicksand=\"disabled\" data-quicksand-duration=\"none\" data-popup-theme=\"theme_6\" data-popup-type=\"pretty-photo\" data-popup-image-text=\"title\" data-popup-widthsize=\"auto\" data-popup-heightsize=\"auto\" data-popup-i18n-words=\"{&quot;close&quot;:&quot;schlie\\u00dfen&quot;,&quot;next&quot;:&quot;n\\u00e4chste&quot;,&quot;previous&quot;:&quot;vorherige&quot;,&quot;start_slideshow&quot;:&quot;Starte Slideshow&quot;,&quot;stop_slideshow&quot;:&quot;Stoppe Slideshow&quot;,&quot;image&quot;:&quot;Bild&quot;,&quot;of&quot;:&quot;von&quot;,&quot;prev&quot;:&quot;vorherige&quot;,&quot;cExpand&quot;:&quot;Erweitere&quot;,&quot;cPrevious&quot;:&quot;Vorheriges&quot;,&quot;cNext&quot;:&quot;N\\u00e4chstes&quot;,&quot;cExpandStr&quot;:&quot;Erweitere Bild&quot;,&quot;cRotate&quot;:&quot;Rotate&quot;,&quot;cDetails&quot;:&quot;Details&quot;}\" data-popup-slideshow=\"false\" data-popup-slideshow-speed=\"2500\" data-popup-hoverstop=\"true\" data-popup-slideshow-auto=\"false\" data-popup-background=\"\" data-popup-transparency=\"30\" data-popup-disable-history=\"\" data-popup-disable-changed-url=\"\" data-popup-border-type=\"\" data-popup-border-color=\"\" data-popup-border-width=\"\" data-popup-border-enable=\"\" data-fullscreen=\"false\" data-hide-tooltip=\"\" data-caption-font-family=\"\" data-caption-text-size=\"140\" data-is-mobile=\"0\" data-caption-mobile=\"false\" data-hide-long-tltp-title=\"0\" data-caption-disabled-on-mobile=\"false\" data-popup-placement-type=\"0\" data-social-sharing=\"{&quot;enabled&quot;:null,&quot;gallerySharing&quot;:{&quot;enabled&quot;:null,&quot;position&quot;:null},&quot;imageSharing&quot;:{&quot;enabled&quot;:null,&quot;wrapperClass&quot;:&quot; vertical &quot;},&quot;popupSharing&quot;:{&quot;enabled&quot;:null,&quot;wrapperClass&quot;:&quot; vertical &quot;}}\" class=\"grid-gallery grid-gallery-fixed \" style=\" width:100%; height:auto; margin-left:auto; margin-right:auto;position:relative;\"> <div class=\"gallery-loading\"> <div class=\"blocks\"> <div class=\"block\"><\/div> <div class=\"block\"><\/div> <div class=\"block\"><\/div> <div class=\"block\"><\/div> <\/div> <\/div> <div class=\"gallery-sharing-top\" style=\"display:none;\"> <\/div> <div id=\"photos-25\" class=\"grid-gallery-photos\"><FIGURE class=\"grid-gallery-caption\" data-grid-gallery-type=\"quarter-slide-up\" data-index=\"0\" style=\"display:none;border-radius:00;; margin:5.3px; width:2150;\" ><div class=\"crop\" style=\" width:2150; height:2150; overflow:hidden;\"><img decoding=\"async\" src=\"http:\/\/urbex-team-bremen-nord.de\/wp-content\/uploads\/2017\/02\/IMG_7666_7_8_tonemapped-215x215.jpg\" class=\"ggImg\" alt=\"Schacht P. [Revisit 02\/2017]\" title=\"Schacht P. [Revisit 02\/2017]\" data-description=\"Schacht P. [Revisit 02\/2017]\" data-caption=\"Schacht P. [Revisit 02\/2017]\" data-title=\"Schacht P. [Revisit 02\/2017]\" style=\" width:215px; height:215px;\" \/><\/div><FIGCAPTION class=\"\" data-alpha=\"5\" style=\"color:#ffffff; background-color:#6f0000; font-size:140; text-align:2; font-family:;\" ><div class=\"grid-gallery-figcaption-wrap\" style=\"\"><\/div><\/FIGCAPTION><\/FIGURE><FIGURE class=\"grid-gallery-caption\" data-grid-gallery-type=\"quarter-slide-up\" data-index=\"1\" style=\"display:none;border-radius:00;; margin:5.3px; width:2150;\" ><div class=\"crop\" style=\" width:2150; height:2150; overflow:hidden;\"><img decoding=\"async\" src=\"http:\/\/urbex-team-bremen-nord.de\/wp-content\/uploads\/2017\/02\/IMG_7720_1_2_tonemapped-215x215.jpg\" class=\"ggImg\" alt=\"Schacht P. [Revisit 02\/2017]\" title=\"Schacht P. [Revisit 02\/2017]\" data-description=\"Schacht P. [Revisit 02\/2017]\" data-caption=\"Schacht P. [Revisit 02\/2017]\" data-title=\"Schacht P. [Revisit 02\/2017]\" style=\" width:215px; height:215px;\" \/><\/div><FIGCAPTION class=\"\" data-alpha=\"5\" style=\"color:#ffffff; background-color:#6f0000; font-size:140; text-align:2; font-family:;\" ><div class=\"grid-gallery-figcaption-wrap\" style=\"\"><\/div><\/FIGCAPTION><\/FIGURE><FIGURE class=\"grid-gallery-caption\" data-grid-gallery-type=\"quarter-slide-up\" data-index=\"2\" style=\"display:none;border-radius:00;; margin:5.3px; width:2150;\" ><div class=\"crop\" style=\" width:2150; height:2150; overflow:hidden;\"><img decoding=\"async\" src=\"http:\/\/urbex-team-bremen-nord.de\/wp-content\/uploads\/2017\/02\/IMG_7728_29_30_tonemapped-215x215.jpg\" class=\"ggImg\" alt=\"Schacht P. [Revisit 02\/2017]\" title=\"Schacht P. [Revisit 02\/2017]\" data-description=\"Schacht P. [Revisit 02\/2017]\" data-caption=\"Schacht P. [Revisit 02\/2017]\" data-title=\"Schacht P. [Revisit 02\/2017]\" style=\" width:215px; height:215px;\" \/><\/div><FIGCAPTION class=\"\" data-alpha=\"5\" style=\"color:#ffffff; background-color:#6f0000; font-size:140; text-align:2; font-family:;\" ><div class=\"grid-gallery-figcaption-wrap\" style=\"\"><\/div><\/FIGCAPTION><\/FIGURE><FIGURE class=\"grid-gallery-caption\" data-grid-gallery-type=\"quarter-slide-up\" data-index=\"3\" style=\"display:none;border-radius:00;; margin:5.3px; width:2150;\" ><div class=\"crop\" style=\" width:2150; height:2150; overflow:hidden;\"><img decoding=\"async\" src=\"http:\/\/urbex-team-bremen-nord.de\/wp-content\/uploads\/2017\/02\/IMG_7674_5_6_tonemapped-215x215.jpg\" class=\"ggImg\" alt=\"Schacht P. [Revisit 02\/2017]\" title=\"Schacht P. [Revisit 02\/2017]\" data-description=\"Schacht P. [Revisit 02\/2017]\" data-caption=\"Schacht P. [Revisit 02\/2017]\" data-title=\"Schacht P. [Revisit 02\/2017]\" style=\" width:215px; height:215px;\" \/><\/div><FIGCAPTION class=\"\" data-alpha=\"5\" style=\"color:#ffffff; background-color:#6f0000; font-size:140; text-align:2; font-family:;\" ><div class=\"grid-gallery-figcaption-wrap\" style=\"\"><\/div><\/FIGCAPTION><\/FIGURE><FIGURE class=\"grid-gallery-caption\" data-grid-gallery-type=\"quarter-slide-up\" data-index=\"4\" style=\"display:none;border-radius:00;; margin:5.3px; width:2150;\" ><div class=\"crop\" style=\" width:2150; height:2150; overflow:hidden;\"><img decoding=\"async\" src=\"http:\/\/urbex-team-bremen-nord.de\/wp-content\/uploads\/2017\/02\/IMG_7691_2_3_tonemapped-215x215.jpg\" class=\"ggImg\" alt=\"Schacht P. [Revisit 02\/2017]\" title=\"Schacht P. [Revisit 02\/2017]\" data-description=\"Schacht P. [Revisit 02\/2017]\" data-caption=\"Schacht P. [Revisit 02\/2017]\" data-title=\"Schacht P. [Revisit 02\/2017]\" style=\" width:215px; height:215px;\" \/><\/div><FIGCAPTION class=\"\" data-alpha=\"5\" style=\"color:#ffffff; background-color:#6f0000; font-size:140; text-align:2; font-family:;\" ><div class=\"grid-gallery-figcaption-wrap\" style=\"\"><\/div><\/FIGCAPTION><\/FIGURE><FIGURE class=\"grid-gallery-caption\" data-grid-gallery-type=\"quarter-slide-up\" data-index=\"5\" style=\"display:none;border-radius:00;; margin:5.3px; width:2150;\" ><div class=\"crop\" style=\" width:2150; height:2150; overflow:hidden;\"><img decoding=\"async\" src=\"http:\/\/urbex-team-bremen-nord.de\/wp-content\/uploads\/2017\/02\/IMG_7699_700_701_tonemapped-215x215.jpg\" class=\"ggImg\" alt=\"Schacht P. [Revisit 02\/2017]\" title=\"Schacht P. [Revisit 02\/2017]\" data-description=\"Schacht P. [Revisit 02\/2017]\" data-caption=\"Schacht P. [Revisit 02\/2017]\" data-title=\"Schacht P. [Revisit 02\/2017]\" style=\" width:215px; height:215px;\" \/><\/div><FIGCAPTION class=\"\" data-alpha=\"5\" style=\"color:#ffffff; background-color:#6f0000; font-size:140; text-align:2; font-family:;\" ><div class=\"grid-gallery-figcaption-wrap\" style=\"\"><\/div><\/FIGCAPTION><\/FIGURE><FIGURE class=\"grid-gallery-caption\" data-grid-gallery-type=\"quarter-slide-up\" data-index=\"6\" style=\"display:none;border-radius:00;; margin:5.3px; width:2150;\" ><div class=\"crop\" style=\" width:2150; height:2150; overflow:hidden;\"><img decoding=\"async\" src=\"http:\/\/urbex-team-bremen-nord.de\/wp-content\/uploads\/2017\/02\/IMG_7752_3_4_tonemapped-215x215.jpg\" class=\"ggImg\" alt=\"Schacht P. [Revisit 02\/2017]\" title=\"Schacht P. [Revisit 02\/2017]\" data-description=\"Schacht P. [Revisit 02\/2017]\" data-caption=\"Schacht P. [Revisit 02\/2017]\" data-title=\"Schacht P. [Revisit 02\/2017]\" style=\" width:215px; height:215px;\" \/><\/div><FIGCAPTION class=\"\" data-alpha=\"5\" style=\"color:#ffffff; background-color:#6f0000; font-size:140; text-align:2; font-family:;\" ><div class=\"grid-gallery-figcaption-wrap\" style=\"\"><\/div><\/FIGCAPTION><\/FIGURE><FIGURE class=\"grid-gallery-caption\" data-grid-gallery-type=\"quarter-slide-up\" data-index=\"7\" style=\"display:none;border-radius:00;; margin:5.3px; width:2150;\" ><div class=\"crop\" style=\" width:2150; height:2150; overflow:hidden;\"><img decoding=\"async\" src=\"http:\/\/urbex-team-bremen-nord.de\/wp-content\/uploads\/2017\/02\/IMG_7744_5_6_tonemapped-215x215.jpg\" class=\"ggImg\" alt=\"Schacht P. [Revisit 02\/2017]\" title=\"Schacht P. [Revisit 02\/2017]\" data-description=\"Schacht P. [Revisit 02\/2017]\" data-caption=\"Schacht P. [Revisit 02\/2017]\" data-title=\"Schacht P. [Revisit 02\/2017]\" style=\" width:215px; height:215px;\" \/><\/div><FIGCAPTION class=\"\" data-alpha=\"5\" style=\"color:#ffffff; background-color:#6f0000; font-size:140; text-align:2; font-family:;\" ><div class=\"grid-gallery-figcaption-wrap\" style=\"\"><\/div><\/FIGCAPTION><\/FIGURE><FIGURE class=\"grid-gallery-caption\" data-grid-gallery-type=\"quarter-slide-up\" data-index=\"8\" style=\"display:none;border-radius:00;; margin:5.3px; width:2150;\" ><div class=\"crop\" style=\" width:2150; height:2150; overflow:hidden;\"><img decoding=\"async\" src=\"http:\/\/urbex-team-bremen-nord.de\/wp-content\/uploads\/2017\/02\/IMG_7736_7_8_tonemapped-215x215.jpg\" class=\"ggImg\" alt=\"Schacht P. [Revisit 02\/2017]\" title=\"Schacht P. [Revisit 02\/2017]\" data-description=\"Schacht P. [Revisit 02\/2017]\" data-caption=\"Schacht P. [Revisit 02\/2017]\" data-title=\"Schacht P. [Revisit 02\/2017]\" style=\" width:215px; height:215px;\" \/><\/div><FIGCAPTION class=\"\" data-alpha=\"5\" style=\"color:#ffffff; background-color:#6f0000; font-size:140; text-align:2; font-family:;\" ><div class=\"grid-gallery-figcaption-wrap\" style=\"\"><\/div><\/FIGCAPTION><\/FIGURE><FIGURE class=\"grid-gallery-caption\" data-grid-gallery-type=\"quarter-slide-up\" data-index=\"9\" style=\"display:none;border-radius:00;; margin:5.3px; width:2150;\" ><div class=\"crop\" style=\" width:2150; height:2150; overflow:hidden;\"><img decoding=\"async\" src=\"http:\/\/urbex-team-bremen-nord.de\/wp-content\/uploads\/2017\/02\/IMG_7732_3_4_tonemapped-215x215.jpg\" class=\"ggImg\" alt=\"Schacht P. [Revisit 02\/2017]\" title=\"Schacht P. [Revisit 02\/2017]\" data-description=\"Schacht P. [Revisit 02\/2017]\" data-caption=\"Schacht P. [Revisit 02\/2017]\" data-title=\"Schacht P. [Revisit 02\/2017]\" style=\" width:215px; height:215px;\" \/><\/div><FIGCAPTION class=\"\" data-alpha=\"5\" style=\"color:#ffffff; background-color:#6f0000; font-size:140; text-align:2; font-family:;\" ><div class=\"grid-gallery-figcaption-wrap\" style=\"\"><\/div><\/FIGCAPTION><\/FIGURE><FIGURE class=\"grid-gallery-caption\" data-grid-gallery-type=\"quarter-slide-up\" data-index=\"10\" style=\"display:none;border-radius:00;; margin:5.3px; width:2150;\" ><div class=\"crop\" style=\" width:2150; height:2150; overflow:hidden;\"><img decoding=\"async\" src=\"http:\/\/urbex-team-bremen-nord.de\/wp-content\/uploads\/2017\/02\/DSC5763_HDR-215x215.jpg\" class=\"ggImg\" alt=\"_DSC5763_HDR\" title=\"_DSC5763_HDR\" data-description=\"_DSC5763_HDR\" data-caption=\"_DSC5763_HDR\" data-title=\"_DSC5763_HDR\" style=\" width:215px; height:215px;\" \/><\/div><FIGCAPTION class=\"\" data-alpha=\"5\" style=\"color:#ffffff; background-color:#6f0000; font-size:140; text-align:2; font-family:;\" ><div class=\"grid-gallery-figcaption-wrap\" style=\"\"><\/div><\/FIGCAPTION><\/FIGURE><FIGURE class=\"grid-gallery-caption\" data-grid-gallery-type=\"quarter-slide-up\" data-index=\"11\" style=\"display:none;border-radius:00;; margin:5.3px; width:2150;\" ><div class=\"crop\" style=\" width:2150; height:2150; overflow:hidden;\"><img decoding=\"async\" src=\"http:\/\/urbex-team-bremen-nord.de\/wp-content\/uploads\/2017\/02\/DSC5752_HDR-215x215.jpg\" class=\"ggImg\" alt=\"_DSC5752_HDR\" title=\"_DSC5752_HDR\" data-description=\"_DSC5752_HDR\" data-caption=\"_DSC5752_HDR\" data-title=\"_DSC5752_HDR\" style=\" width:215px; height:215px;\" \/><\/div><FIGCAPTION class=\"\" data-alpha=\"5\" style=\"color:#ffffff; background-color:#6f0000; font-size:140; text-align:2; font-family:;\" ><div class=\"grid-gallery-figcaption-wrap\" style=\"\"><\/div><\/FIGCAPTION><\/FIGURE><FIGURE class=\"grid-gallery-caption\" data-grid-gallery-type=\"quarter-slide-up\" data-index=\"12\" style=\"display:none;border-radius:00;; margin:5.3px; width:2150;\" ><div class=\"crop\" style=\" width:2150; height:2150; overflow:hidden;\"><img decoding=\"async\" src=\"http:\/\/urbex-team-bremen-nord.de\/wp-content\/uploads\/2017\/02\/DSC5783-215x215.jpg\" class=\"ggImg\" alt=\"_DSC5783\" title=\"_DSC5783\" data-description=\"_DSC5783\" data-caption=\"_DSC5783\" data-title=\"_DSC5783\" style=\" width:215px; height:215px;\" \/><\/div><FIGCAPTION class=\"\" data-alpha=\"5\" style=\"color:#ffffff; background-color:#6f0000; font-size:140; text-align:2; font-family:;\" ><div class=\"grid-gallery-figcaption-wrap\" style=\"\"><\/div><\/FIGCAPTION><\/FIGURE><FIGURE class=\"grid-gallery-caption\" data-grid-gallery-type=\"quarter-slide-up\" data-index=\"13\" style=\"display:none;border-radius:00;; margin:5.3px; width:2150;\" ><div class=\"crop\" style=\" width:2150; height:2150; overflow:hidden;\"><img decoding=\"async\" src=\"http:\/\/urbex-team-bremen-nord.de\/wp-content\/uploads\/2017\/02\/DSC5744_HDR-215x215.jpg\" class=\"ggImg\" alt=\"_DSC5744_HDR\" title=\"_DSC5744_HDR\" data-description=\"_DSC5744_HDR\" data-caption=\"_DSC5744_HDR\" data-title=\"_DSC5744_HDR\" style=\" width:215px; height:215px;\" \/><\/div><FIGCAPTION class=\"\" data-alpha=\"5\" style=\"color:#ffffff; background-color:#6f0000; font-size:140; text-align:2; font-family:;\" ><div class=\"grid-gallery-figcaption-wrap\" style=\"\"><\/div><\/FIGCAPTION><\/FIGURE><FIGURE class=\"grid-gallery-caption\" data-grid-gallery-type=\"quarter-slide-up\" data-index=\"14\" style=\"display:none;border-radius:00;; margin:5.3px; width:2150;\" ><div class=\"crop\" style=\" width:2150; height:2150; overflow:hidden;\"><img decoding=\"async\" src=\"http:\/\/urbex-team-bremen-nord.de\/wp-content\/uploads\/2017\/02\/DSC5736_HDR-215x215.jpg\" class=\"ggImg\" alt=\"_DSC5736_HDR\" title=\"_DSC5736_HDR\" data-description=\"_DSC5736_HDR\" data-caption=\"_DSC5736_HDR\" data-title=\"_DSC5736_HDR\" style=\" width:215px; height:215px;\" \/><\/div><FIGCAPTION class=\"\" data-alpha=\"5\" style=\"color:#ffffff; background-color:#6f0000; font-size:140; text-align:2; font-family:;\" ><div class=\"grid-gallery-figcaption-wrap\" style=\"\"><\/div><\/FIGCAPTION><\/FIGURE><FIGURE class=\"grid-gallery-caption\" data-grid-gallery-type=\"quarter-slide-up\" data-index=\"15\" style=\"display:none;border-radius:00;; margin:5.3px; width:2150;\" ><div class=\"crop\" style=\" width:2150; height:2150; overflow:hidden;\"><img decoding=\"async\" src=\"http:\/\/urbex-team-bremen-nord.de\/wp-content\/uploads\/2017\/02\/DSC5718_HDR-215x215.jpg\" class=\"ggImg\" alt=\"_DSC5718_HDR\" title=\"_DSC5718_HDR\" data-description=\"_DSC5718_HDR\" data-caption=\"_DSC5718_HDR\" data-title=\"_DSC5718_HDR\" style=\" width:215px; height:215px;\" \/><\/div><FIGCAPTION class=\"\" data-alpha=\"5\" style=\"color:#ffffff; background-color:#6f0000; font-size:140; text-align:2; font-family:;\" ><div class=\"grid-gallery-figcaption-wrap\" style=\"\"><\/div><\/FIGCAPTION><\/FIGURE> <div class=\"grid-gallery-clearfix\"><\/div> <\/div> <div class=\"gallery-sharing-bottom\" style=\"display:none;\"> <\/div> <div class=\"gallery-sharing-image\" style=\"display:none;\"> <\/div> <div class=\"gallery-sharing-popup\" style=\"display:none;\"> <\/div> <div class=\"grid-gallery-clearfix\"><\/div> <\/div> <!-- Gallery by Supsystic plugin1.15.25 --><a title=\"Wordpress Gallery Plugin Free\" style=\"display:none;\" href=\"https:\/\/supsystic.com\/plugins\/photo-gallery\/?utm_medium=love_link\" target=\"_blank\">Wordpress Gallery Plugin Free<\/a>\n","protected":false},"excerpt":{"rendered":"<p>An diesem Schacht sollte eigentlich eine eigene Schachtanlage entstehen. Durch den 2. Weltkrieg kam es zu Verz\u00f6gerungen und durch die Kohlekriese in den 1960er Jahren wurde dieser Plan wieder verworfen. Dieser Schacht diente dazu, die Arbeiter und das Material so schnell wie m\u00f6glich zur eigentlichen Abbau-Stelle zu bef\u00f6rdern. Daher entstand dort nur eine Seilfahrtanlage mit &hellip; <a href=\"https:\/\/urbex-team-bremen-nord.de\/?page_id=649\" class=\"more-link\"><span class=\"screen-reader-text\">Schacht P. [Revisit 02\/2017]<\/span> weiterlesen<\/a><\/p>\n","protected":false},"author":2,"featured_media":0,"parent":0,"menu_order":0,"comment_status":"closed","ping_status":"closed","template":"","meta":{"ngg_post_thumbnail":0,"footnotes":""},"class_list":["post-649","page","type-page","status-publish","hentry"],"_links":{"self":[{"href":"https:\/\/urbex-team-bremen-nord.de\/index.php?rest_route=\/wp\/v2\/pages\/649","targetHints":{"allow":["GET"]}}],"collection":[{"href":"https:\/\/urbex-team-bremen-nord.de\/index.php?rest_route=\/wp\/v2\/pages"}],"about":[{"href":"https:\/\/urbex-team-bremen-nord.de\/index.php?rest_route=\/wp\/v2\/types\/page"}],"author":[{"embeddable":true,"href":"https:\/\/urbex-team-bremen-nord.de\/index.php?rest_route=\/wp\/v2\/users\/2"}],"replies":[{"embeddable":true,"href":"https:\/\/urbex-team-bremen-nord.de\/index.php?rest_route=%2Fwp%2Fv2%2Fcomments&post=649"}],"version-history":[{"count":1,"href":"https:\/\/urbex-team-bremen-nord.de\/index.php?rest_route=\/wp\/v2\/pages\/649\/revisions"}],"predecessor-version":[{"id":651,"href":"https:\/\/urbex-team-bremen-nord.de\/index.php?rest_route=\/wp\/v2\/pages\/649\/revisions\/651"}],"wp:attachment":[{"href":"https:\/\/urbex-team-bremen-nord.de\/index.php?rest_route=%2Fwp%2Fv2%2Fmedia&parent=649"}],"curies":[{"name":"wp","href":"https:\/\/api.w.org\/{rel}","templated":true}]}}