{"id":1486,"date":"2018-01-15T18:51:01","date_gmt":"2018-01-15T17:51:01","guid":{"rendered":"http:\/\/urbex-team-bremen-nord.de\/?page_id=1486"},"modified":"2018-01-15T18:52:05","modified_gmt":"2018-01-15T17:52:05","slug":"panzerkaserne-der-nato-s","status":"publish","type":"page","link":"https:\/\/urbex-team-bremen-nord.de\/?page_id=1486","title":{"rendered":"Panzerkaserne der NATO S."},"content":{"rendered":"<p>Zu Zeiten des kalten Krieges zog es viele deutsche B\u00fcndnispartner mit ihren Streitkr\u00e4ften nach Deutschland. Anfang der 1970er Jahre bezog ein Niederl\u00e4ndisches Panzerbataillon diese Kaserne. Die N\u00e4he zum Truppen\u00fcbungsplatz machte diese Kaserne zu einem wichtigen Standort. Nach Beendigung des kalten Krieges war es f\u00fcr die vielen B\u00fcndnispartner schlichtweg zu teuer und nicht mehr Zweckdienlich ihre Standorte zu halten. Somit wurde infolge einer Umstrukturierung der K\u00f6niglichen Armee im Jahre 1992 diese Kaserne verlassen und sie steht seitdem leer.<\/p>\n<div id=\"grid-gallery-53-72875\" data-gg-id=\"53\" data-title=\"Panzerkaserne der NATO S.\" data-grid-type=\"0\" data-offset=\"5.3\" data-area-position=\"center\" data-icons=\"\" data-preloader=\"true\" data-width=\"215\" data-height=\"215\" data-padding=\"0\" data-quicksand=\"disabled\" data-quicksand-duration=\"none\" data-popup-theme=\"theme_6\" data-popup-type=\"pretty-photo\" data-popup-image-text=\"data-title\" data-popup-widthsize=\"auto\" data-popup-heightsize=\"auto\" data-popup-i18n-words=\"{&quot;close&quot;:&quot;schlie\\u00dfen&quot;,&quot;next&quot;:&quot;n\\u00e4chste&quot;,&quot;previous&quot;:&quot;vorherige&quot;,&quot;start_slideshow&quot;:&quot;Starte Slideshow&quot;,&quot;stop_slideshow&quot;:&quot;Stoppe Slideshow&quot;,&quot;image&quot;:&quot;Bild&quot;,&quot;of&quot;:&quot;von&quot;,&quot;prev&quot;:&quot;vorherige&quot;,&quot;cExpand&quot;:&quot;Erweitere&quot;,&quot;cPrevious&quot;:&quot;Vorheriges&quot;,&quot;cNext&quot;:&quot;N\\u00e4chstes&quot;,&quot;cExpandStr&quot;:&quot;Erweitere Bild&quot;,&quot;cRotate&quot;:&quot;Rotate&quot;,&quot;cDetails&quot;:&quot;Details&quot;}\" data-popup-slideshow=\"false\" data-popup-slideshow-speed=\"2500\" data-popup-hoverstop=\"false\" data-popup-slideshow-auto=\"false\" data-popup-background=\"\" data-popup-transparency=\"30\" data-popup-disable-history=\"\" data-popup-disable-changed-url=\"\" data-popup-border-type=\"\" data-popup-border-color=\"\" data-popup-border-width=\"\" data-popup-border-enable=\"\" data-fullscreen=\"false\" data-hide-tooltip=\"false\" data-caption-font-family=\"Default\" data-caption-text-size=\"140\" data-is-mobile=\"0\" data-caption-mobile=\"false\" data-hide-long-tltp-title=\"0\" data-caption-disabled-on-mobile=\"false\" data-popup-placement-type=\"0\" data-social-sharing=\"{&quot;enabled&quot;:&quot;&quot;,&quot;gallerySharing&quot;:{&quot;enabled&quot;:null,&quot;position&quot;:null},&quot;imageSharing&quot;:{&quot;enabled&quot;:null,&quot;wrapperClass&quot;:&quot; vertical &quot;},&quot;popupSharing&quot;:{&quot;enabled&quot;:null,&quot;wrapperClass&quot;:&quot; vertical &quot;}}\" class=\"grid-gallery grid-gallery-fixed \" style=\" width:100%; height:auto; margin-left:auto; margin-right:auto;position:relative;\"> <div class=\"gallery-loading\"> <div class=\"blocks\"> <div class=\"block\"><\/div> <div class=\"block\"><\/div> <div class=\"block\"><\/div> <div class=\"block\"><\/div> <\/div> <\/div> <div class=\"gallery-sharing-top\" style=\"display:none;\"> <\/div> <div id=\"photos-53\" class=\"grid-gallery-photos\"><FIGURE class=\"grid-gallery-caption\" data-grid-gallery-type=\"quarter-slide-up\" data-index=\"0\" style=\"display:none;border-radius:00;; margin:5.3px; width:2150;\" ><div class=\"crop\" style=\" width:2150; height:2150; overflow:hidden;\"><img decoding=\"async\" src=\"http:\/\/urbex-team-bremen-nord.de\/wp-content\/uploads\/2018\/01\/IMG_4980_1_2_tonemapped-215x215.jpg\" class=\"ggImg\" alt=\"Panzerkaserne der NATO S.\" title=\"Panzerkaserne der NATO S.\" data-description=\"Panzerkaserne der NATO S.\" data-caption=\"Panzerkaserne der NATO S.\" data-title=\"Panzerkaserne der NATO S.\" style=\" width:215px; height:215px;\" \/><\/div><FIGCAPTION class=\"\" data-alpha=\"5\" style=\"color:#ffffff; background-color:#6f0000; font-size:140; text-align:left; font-family:Default;\" ><div class=\"grid-gallery-figcaption-wrap\" style=\"\"><\/div><\/FIGCAPTION><\/FIGURE><FIGURE class=\"grid-gallery-caption\" data-grid-gallery-type=\"quarter-slide-up\" data-index=\"1\" style=\"display:none;border-radius:00;; margin:5.3px; width:2150;\" ><div class=\"crop\" style=\" width:2150; height:2150; overflow:hidden;\"><img decoding=\"async\" src=\"http:\/\/urbex-team-bremen-nord.de\/wp-content\/uploads\/2018\/01\/IMG_4931_2_3_tonemapped-215x215.jpg\" class=\"ggImg\" alt=\"Panzerkaserne der NATO S.\" title=\"Panzerkaserne der NATO S.\" data-description=\"Panzerkaserne der NATO S.\" data-caption=\"Panzerkaserne der NATO S.\" data-title=\"Panzerkaserne der NATO S.\" style=\" width:215px; height:215px;\" \/><\/div><FIGCAPTION class=\"\" data-alpha=\"5\" style=\"color:#ffffff; background-color:#6f0000; font-size:140; text-align:left; font-family:Default;\" ><div class=\"grid-gallery-figcaption-wrap\" style=\"\"><\/div><\/FIGCAPTION><\/FIGURE><FIGURE class=\"grid-gallery-caption\" data-grid-gallery-type=\"quarter-slide-up\" data-index=\"2\" style=\"display:none;border-radius:00;; margin:5.3px; width:2150;\" ><div class=\"crop\" style=\" width:2150; height:2150; overflow:hidden;\"><img decoding=\"async\" src=\"http:\/\/urbex-team-bremen-nord.de\/wp-content\/uploads\/2018\/01\/IMG_5084_5_6_tonemapped-215x215.jpg\" class=\"ggImg\" alt=\"Panzerkaserne der NATO S.\" title=\"Panzerkaserne der NATO S.\" data-description=\"Panzerkaserne der NATO S.\" data-caption=\"Panzerkaserne der NATO S.\" data-title=\"Panzerkaserne der NATO S.\" style=\" width:215px; height:215px;\" \/><\/div><FIGCAPTION class=\"\" data-alpha=\"5\" style=\"color:#ffffff; background-color:#6f0000; font-size:140; text-align:left; font-family:Default;\" ><div class=\"grid-gallery-figcaption-wrap\" style=\"\"><\/div><\/FIGCAPTION><\/FIGURE><FIGURE class=\"grid-gallery-caption\" data-grid-gallery-type=\"quarter-slide-up\" data-index=\"3\" style=\"display:none;border-radius:00;; margin:5.3px; width:2150;\" ><div class=\"crop\" style=\" width:2150; height:2150; overflow:hidden;\"><img decoding=\"async\" src=\"http:\/\/urbex-team-bremen-nord.de\/wp-content\/uploads\/2018\/01\/IMG_4906_7_8_tonemapped-215x215.jpg\" class=\"ggImg\" alt=\"Panzerkaserne der NATO S.\" title=\"Panzerkaserne der NATO S.\" data-description=\"Panzerkaserne der NATO S.\" data-caption=\"Panzerkaserne der NATO S.\" data-title=\"Panzerkaserne der NATO S.\" style=\" width:215px; height:215px;\" \/><\/div><FIGCAPTION class=\"\" data-alpha=\"5\" style=\"color:#ffffff; background-color:#6f0000; font-size:140; text-align:left; font-family:Default;\" ><div class=\"grid-gallery-figcaption-wrap\" style=\"\"><\/div><\/FIGCAPTION><\/FIGURE><FIGURE class=\"grid-gallery-caption\" data-grid-gallery-type=\"quarter-slide-up\" data-index=\"4\" style=\"display:none;border-radius:00;; margin:5.3px; width:2150;\" ><div class=\"crop\" style=\" width:2150; height:2150; overflow:hidden;\"><img decoding=\"async\" src=\"http:\/\/urbex-team-bremen-nord.de\/wp-content\/uploads\/2018\/01\/IMG_4951_2_3_tonemapped-215x215.jpg\" class=\"ggImg\" alt=\"Panzerkaserne der NATO S.\" title=\"Panzerkaserne der NATO S.\" data-description=\"Panzerkaserne der NATO S.\" data-caption=\"Panzerkaserne der NATO S.\" data-title=\"Panzerkaserne der NATO S.\" style=\" width:215px; height:215px;\" \/><\/div><FIGCAPTION class=\"\" data-alpha=\"5\" style=\"color:#ffffff; background-color:#6f0000; font-size:140; text-align:left; font-family:Default;\" ><div class=\"grid-gallery-figcaption-wrap\" style=\"\"><\/div><\/FIGCAPTION><\/FIGURE><FIGURE class=\"grid-gallery-caption\" data-grid-gallery-type=\"quarter-slide-up\" data-index=\"5\" style=\"display:none;border-radius:00;; margin:5.3px; width:2150;\" ><div class=\"crop\" style=\" width:2150; height:2150; overflow:hidden;\"><img decoding=\"async\" src=\"http:\/\/urbex-team-bremen-nord.de\/wp-content\/uploads\/2018\/01\/IMG_4963_4_5_tonemapped-215x215.jpg\" class=\"ggImg\" alt=\"Panzerkaserne der NATO S.\" title=\"Panzerkaserne der NATO S.\" data-description=\"Panzerkaserne der NATO S.\" data-caption=\"Panzerkaserne der NATO S.\" data-title=\"Panzerkaserne der NATO S.\" style=\" width:215px; height:215px;\" \/><\/div><FIGCAPTION class=\"\" data-alpha=\"5\" style=\"color:#ffffff; background-color:#6f0000; font-size:140; text-align:left; font-family:Default;\" ><div class=\"grid-gallery-figcaption-wrap\" style=\"\"><\/div><\/FIGCAPTION><\/FIGURE><FIGURE class=\"grid-gallery-caption\" data-grid-gallery-type=\"quarter-slide-up\" data-index=\"6\" style=\"display:none;border-radius:00;; margin:5.3px; width:2150;\" ><div class=\"crop\" style=\" width:2150; height:2150; overflow:hidden;\"><img decoding=\"async\" src=\"http:\/\/urbex-team-bremen-nord.de\/wp-content\/uploads\/2018\/01\/IMG_4919_20_21_tonemapped-215x215.jpg\" class=\"ggImg\" alt=\"Panzerkaserne der NATO S.\" title=\"Panzerkaserne der NATO S.\" data-description=\"Panzerkaserne der NATO S.\" data-caption=\"Panzerkaserne der NATO S.\" data-title=\"Panzerkaserne der NATO S.\" style=\" width:215px; height:215px;\" \/><\/div><FIGCAPTION class=\"\" data-alpha=\"5\" style=\"color:#ffffff; background-color:#6f0000; font-size:140; text-align:left; font-family:Default;\" ><div class=\"grid-gallery-figcaption-wrap\" style=\"\"><\/div><\/FIGCAPTION><\/FIGURE><FIGURE class=\"grid-gallery-caption\" data-grid-gallery-type=\"quarter-slide-up\" data-index=\"7\" style=\"display:none;border-radius:00;; margin:5.3px; width:2150;\" ><div class=\"crop\" style=\" width:2150; height:2150; overflow:hidden;\"><img decoding=\"async\" src=\"http:\/\/urbex-team-bremen-nord.de\/wp-content\/uploads\/2018\/01\/IMG_5068_69_70_tonemapped-215x215.jpg\" class=\"ggImg\" alt=\"Panzerkaserne der NATO S.\" title=\"Panzerkaserne der NATO S.\" data-description=\"Panzerkaserne der NATO S.\" data-caption=\"Panzerkaserne der NATO S.\" data-title=\"Panzerkaserne der NATO S.\" style=\" width:215px; height:215px;\" \/><\/div><FIGCAPTION class=\"\" data-alpha=\"5\" style=\"color:#ffffff; background-color:#6f0000; font-size:140; text-align:left; font-family:Default;\" ><div class=\"grid-gallery-figcaption-wrap\" style=\"\"><\/div><\/FIGCAPTION><\/FIGURE><FIGURE class=\"grid-gallery-caption\" data-grid-gallery-type=\"quarter-slide-up\" data-index=\"8\" style=\"display:none;border-radius:00;; margin:5.3px; width:2150;\" ><div class=\"crop\" style=\" width:2150; height:2150; overflow:hidden;\"><img decoding=\"async\" src=\"http:\/\/urbex-team-bremen-nord.de\/wp-content\/uploads\/2018\/01\/IMG_4984_5_6_tonemapped-215x215.jpg\" class=\"ggImg\" alt=\"Panzerkaserne der NATO S.\" title=\"Panzerkaserne der NATO S.\" data-description=\"Panzerkaserne der NATO S.\" data-caption=\"Panzerkaserne der NATO S.\" data-title=\"Panzerkaserne der NATO S.\" style=\" width:215px; height:215px;\" \/><\/div><FIGCAPTION class=\"\" data-alpha=\"5\" style=\"color:#ffffff; background-color:#6f0000; font-size:140; text-align:left; font-family:Default;\" ><div class=\"grid-gallery-figcaption-wrap\" style=\"\"><\/div><\/FIGCAPTION><\/FIGURE><FIGURE class=\"grid-gallery-caption\" data-grid-gallery-type=\"quarter-slide-up\" data-index=\"9\" style=\"display:none;border-radius:00;; margin:5.3px; width:2150;\" ><div class=\"crop\" style=\" width:2150; height:2150; overflow:hidden;\"><img decoding=\"async\" src=\"http:\/\/urbex-team-bremen-nord.de\/wp-content\/uploads\/2018\/01\/IMG_4947_8_9_tonemapped-215x215.jpg\" class=\"ggImg\" alt=\"Panzerkaserne der NATO S.\" title=\"Panzerkaserne der NATO S.\" data-description=\"Panzerkaserne der NATO S.\" data-caption=\"Panzerkaserne der NATO S.\" data-title=\"Panzerkaserne der NATO S.\" style=\" width:215px; height:215px;\" \/><\/div><FIGCAPTION class=\"\" data-alpha=\"5\" style=\"color:#ffffff; background-color:#6f0000; font-size:140; text-align:left; font-family:Default;\" ><div class=\"grid-gallery-figcaption-wrap\" style=\"\"><\/div><\/FIGCAPTION><\/FIGURE><FIGURE class=\"grid-gallery-caption\" data-grid-gallery-type=\"quarter-slide-up\" data-index=\"10\" style=\"display:none;border-radius:00;; margin:5.3px; width:2150;\" ><div class=\"crop\" style=\" width:2150; height:2150; overflow:hidden;\"><img decoding=\"async\" src=\"http:\/\/urbex-team-bremen-nord.de\/wp-content\/uploads\/2018\/01\/IMG_4988_89_90_tonemapped-215x215.jpg\" class=\"ggImg\" alt=\"Panzerkaserne der NATO S.\" title=\"Panzerkaserne der NATO S.\" data-description=\"Panzerkaserne der NATO S.\" data-caption=\"Panzerkaserne der NATO S.\" data-title=\"Panzerkaserne der NATO S.\" style=\" width:215px; height:215px;\" \/><\/div><FIGCAPTION class=\"\" data-alpha=\"5\" style=\"color:#ffffff; background-color:#6f0000; font-size:140; text-align:left; font-family:Default;\" ><div class=\"grid-gallery-figcaption-wrap\" style=\"\"><\/div><\/FIGCAPTION><\/FIGURE><FIGURE class=\"grid-gallery-caption\" data-grid-gallery-type=\"quarter-slide-up\" data-index=\"11\" style=\"display:none;border-radius:00;; margin:5.3px; width:2150;\" ><div class=\"crop\" style=\" width:2150; height:2150; overflow:hidden;\"><img decoding=\"async\" src=\"http:\/\/urbex-team-bremen-nord.de\/wp-content\/uploads\/2018\/01\/IMG_5040_1_2_tonemapped-215x215.jpg\" class=\"ggImg\" alt=\"Panzerkaserne der NATO S.\" title=\"Panzerkaserne der NATO S.\" data-description=\"Panzerkaserne der NATO S.\" data-caption=\"Panzerkaserne der NATO S.\" data-title=\"Panzerkaserne der NATO S.\" style=\" width:215px; height:215px;\" \/><\/div><FIGCAPTION class=\"\" data-alpha=\"5\" style=\"color:#ffffff; background-color:#6f0000; font-size:140; text-align:left; font-family:Default;\" ><div class=\"grid-gallery-figcaption-wrap\" style=\"\"><\/div><\/FIGCAPTION><\/FIGURE><FIGURE class=\"grid-gallery-caption\" data-grid-gallery-type=\"quarter-slide-up\" data-index=\"12\" style=\"display:none;border-radius:00;; margin:5.3px; width:2150;\" ><div class=\"crop\" style=\" width:2150; height:2150; overflow:hidden;\"><img decoding=\"async\" src=\"http:\/\/urbex-team-bremen-nord.de\/wp-content\/uploads\/2018\/01\/IMG_4996_7_8_tonemapped-215x215.jpg\" class=\"ggImg\" alt=\"Panzerkaserne der NATO S.\" title=\"Panzerkaserne der NATO S.\" data-description=\"Panzerkaserne der NATO S.\" data-caption=\"Panzerkaserne der NATO S.\" data-title=\"Panzerkaserne der NATO S.\" style=\" width:215px; height:215px;\" \/><\/div><FIGCAPTION class=\"\" data-alpha=\"5\" style=\"color:#ffffff; background-color:#6f0000; font-size:140; text-align:left; font-family:Default;\" ><div class=\"grid-gallery-figcaption-wrap\" style=\"\"><\/div><\/FIGCAPTION><\/FIGURE><FIGURE class=\"grid-gallery-caption\" data-grid-gallery-type=\"quarter-slide-up\" data-index=\"13\" style=\"display:none;border-radius:00;; margin:5.3px; width:2150;\" ><div class=\"crop\" style=\" width:2150; height:2150; overflow:hidden;\"><img decoding=\"async\" src=\"http:\/\/urbex-team-bremen-nord.de\/wp-content\/uploads\/2018\/01\/IMG_5092_3_4_tonemapped-215x215.jpg\" class=\"ggImg\" alt=\"Panzerkaserne der NATO S.\" title=\"Panzerkaserne der NATO S.\" data-description=\"Panzerkaserne der NATO S.\" data-caption=\"Panzerkaserne der NATO S.\" data-title=\"Panzerkaserne der NATO S.\" style=\" width:215px; height:215px;\" \/><\/div><FIGCAPTION class=\"\" data-alpha=\"5\" style=\"color:#ffffff; background-color:#6f0000; font-size:140; text-align:left; font-family:Default;\" ><div class=\"grid-gallery-figcaption-wrap\" style=\"\"><\/div><\/FIGCAPTION><\/FIGURE><FIGURE class=\"grid-gallery-caption\" data-grid-gallery-type=\"quarter-slide-up\" data-index=\"14\" style=\"display:none;border-radius:00;; margin:5.3px; width:2150;\" ><div class=\"crop\" style=\" width:2150; height:2150; overflow:hidden;\"><img decoding=\"async\" src=\"http:\/\/urbex-team-bremen-nord.de\/wp-content\/uploads\/2018\/01\/IMG_5032_3_4_tonemapped-215x215.jpg\" class=\"ggImg\" alt=\"Panzerkaserne der NATO S.\" title=\"Panzerkaserne der NATO S.\" data-description=\"Panzerkaserne der NATO S.\" data-caption=\"Panzerkaserne der NATO S.\" data-title=\"Panzerkaserne der NATO S.\" style=\" width:215px; height:215px;\" \/><\/div><FIGCAPTION class=\"\" data-alpha=\"5\" style=\"color:#ffffff; background-color:#6f0000; font-size:140; text-align:left; font-family:Default;\" ><div class=\"grid-gallery-figcaption-wrap\" style=\"\"><\/div><\/FIGCAPTION><\/FIGURE><FIGURE class=\"grid-gallery-caption\" data-grid-gallery-type=\"quarter-slide-up\" data-index=\"15\" style=\"display:none;border-radius:00;; margin:5.3px; width:2150;\" ><div class=\"crop\" style=\" width:2150; height:2150; overflow:hidden;\"><img decoding=\"async\" src=\"http:\/\/urbex-team-bremen-nord.de\/wp-content\/uploads\/2018\/01\/IMG_5048_49_50_tonemapped-215x215.jpg\" class=\"ggImg\" alt=\"Panzerkaserne der NATO S.\" title=\"Panzerkaserne der NATO S.\" data-description=\"Panzerkaserne der NATO S.\" data-caption=\"Panzerkaserne der NATO S.\" data-title=\"Panzerkaserne der NATO S.\" style=\" width:215px; height:215px;\" \/><\/div><FIGCAPTION class=\"\" data-alpha=\"5\" style=\"color:#ffffff; background-color:#6f0000; font-size:140; text-align:left; font-family:Default;\" ><div class=\"grid-gallery-figcaption-wrap\" style=\"\"><\/div><\/FIGCAPTION><\/FIGURE> <div class=\"grid-gallery-clearfix\"><\/div> <\/div> <div class=\"gallery-sharing-bottom\" style=\"display:none;\"> <\/div> <div class=\"gallery-sharing-image\" style=\"display:none;\"> <\/div> <div class=\"gallery-sharing-popup\" style=\"display:none;\"> <\/div> <div class=\"grid-gallery-clearfix\"><\/div> <\/div> <!-- Gallery by Supsystic plugin1.15.25 --><a title=\"Wordpress Gallery Plugin Free\" style=\"display:none;\" href=\"https:\/\/supsystic.com\/plugins\/photo-gallery\/?utm_medium=love_link\" target=\"_blank\">Wordpress Gallery Plugin Free<\/a>\n","protected":false},"excerpt":{"rendered":"<p>Zu Zeiten des kalten Krieges zog es viele deutsche B\u00fcndnispartner mit ihren Streitkr\u00e4ften nach Deutschland. Anfang der 1970er Jahre bezog ein Niederl\u00e4ndisches Panzerbataillon diese Kaserne. Die N\u00e4he zum Truppen\u00fcbungsplatz machte diese Kaserne zu einem wichtigen Standort. Nach Beendigung des kalten Krieges war es f\u00fcr die vielen B\u00fcndnispartner schlichtweg zu teuer und nicht mehr Zweckdienlich ihre &hellip; <a href=\"https:\/\/urbex-team-bremen-nord.de\/?page_id=1486\" class=\"more-link\"><span class=\"screen-reader-text\">Panzerkaserne der NATO S.<\/span> weiterlesen<\/a><\/p>\n","protected":false},"author":2,"featured_media":0,"parent":0,"menu_order":0,"comment_status":"closed","ping_status":"closed","template":"","meta":{"ngg_post_thumbnail":0,"footnotes":""},"class_list":["post-1486","page","type-page","status-publish","hentry"],"_links":{"self":[{"href":"https:\/\/urbex-team-bremen-nord.de\/index.php?rest_route=\/wp\/v2\/pages\/1486","targetHints":{"allow":["GET"]}}],"collection":[{"href":"https:\/\/urbex-team-bremen-nord.de\/index.php?rest_route=\/wp\/v2\/pages"}],"about":[{"href":"https:\/\/urbex-team-bremen-nord.de\/index.php?rest_route=\/wp\/v2\/types\/page"}],"author":[{"embeddable":true,"href":"https:\/\/urbex-team-bremen-nord.de\/index.php?rest_route=\/wp\/v2\/users\/2"}],"replies":[{"embeddable":true,"href":"https:\/\/urbex-team-bremen-nord.de\/index.php?rest_route=%2Fwp%2Fv2%2Fcomments&post=1486"}],"version-history":[{"count":2,"href":"https:\/\/urbex-team-bremen-nord.de\/index.php?rest_route=\/wp\/v2\/pages\/1486\/revisions"}],"predecessor-version":[{"id":1489,"href":"https:\/\/urbex-team-bremen-nord.de\/index.php?rest_route=\/wp\/v2\/pages\/1486\/revisions\/1489"}],"wp:attachment":[{"href":"https:\/\/urbex-team-bremen-nord.de\/index.php?rest_route=%2Fwp%2Fv2%2Fmedia&parent=1486"}],"curies":[{"name":"wp","href":"https:\/\/api.w.org\/{rel}","templated":true}]}}