{"id":1386,"date":"2017-11-18T11:41:25","date_gmt":"2017-11-18T10:41:25","guid":{"rendered":"http:\/\/urbex-team-bremen-nord.de\/?page_id=1386"},"modified":"2017-11-18T11:43:56","modified_gmt":"2017-11-18T10:43:56","slug":"landesirrenanstalt-t","status":"publish","type":"page","link":"https:\/\/urbex-team-bremen-nord.de\/?page_id=1386","title":{"rendered":"Landesirrenanstalt T."},"content":{"rendered":"<p>Die Landesirrenanstalt wurde Anfang 1900 erbaut und steht heute unter Denkmalschutz. Sie war zum damaligen Zeitpunkt eine f\u00fcr sich abgeschlossene Stadt f\u00fcr &#8222;Geisteskranke&#8220;. Sie lebten auf dem riesigen Gel\u00e4nde v\u00f6llig abgeschottet von der Au\u00dfenwelt, konnten dort arbeiten und standen unter st\u00e4ndiger Beobachtung von den \u00c4rzten. Die Anlage bot Platz f\u00fcr ca. 1600 Patienten.<\/p>\n<p>Alles was man zum Leben brauchte war dort vorhanden. Es gab dort: Eine Schlachterei, Wasser- und Elektrizit\u00e4tswerk, einen markanten Wasserturm, K\u00fcchengeb\u00e4ude, Beamtenwohnh\u00e4user, ein W\u00e4schereigeb\u00e4ude, diverse Krankenh\u00e4user und auch eine Kegelbahn. Sogar einen Friedhof mit Kapelle und eine G\u00e4rtnerei gab es dort.<\/p>\n<p>Anfang der 1940er Jahre beginnt das erste dunkle Kapitel. Die Landesirrenanstalt wurde der T\u00f6tungsanstalt B. untergeordnet, hier hat das NS-Regime das Euthanasie Programm T4 durchgef\u00fchrt. In diesem Programm wurden: geistig &amp; k\u00f6rperlich Behinderte, Geisteskranke oder Asoziale Personen als unwertes Leben definiert und deren Vernichtung vorgesehen. Mehr als 1500 Leben wurden dadurch in dieser Anstalt ausgel\u00f6scht.<\/p>\n<p>Im Ersten Weltkrieg diente die Anstalt zeitweise als Reservelazarett und w\u00e4hrend der gro\u00dfen Rezession musste sie sogar f\u00fcr einige Jahre geschlossen werden. Ab 1945 diente sie teilweise der Roten Armee bzw. sp\u00e4ter der GSSD als Milit\u00e4rhospital.<\/p>\n<p>Seit dem Abzug der russischen Streitkr\u00e4fte Ende der 1990er Jahre steht das gut 16 Hektar gro\u00dfe Areal bis heute brach. Die Geb\u00e4ude verfallen immer mehr und werden sich selbst \u00fcberlassen.<\/p>\n<div id=\"grid-gallery-49-45961\" data-gg-id=\"49\" data-title=\"Landesirrenanstalt T.\" data-grid-type=\"0\" data-offset=\"5.3\" data-area-position=\"center\" data-icons=\"\" data-preloader=\"true\" data-width=\"215\" data-height=\"215\" data-padding=\"0\" data-quicksand=\"disabled\" data-quicksand-duration=\"none\" data-popup-theme=\"theme_6\" data-popup-type=\"pretty-photo\" data-popup-image-text=\"data-title\" data-popup-widthsize=\"auto\" data-popup-heightsize=\"auto\" data-popup-i18n-words=\"{&quot;close&quot;:&quot;schlie\\u00dfen&quot;,&quot;next&quot;:&quot;n\\u00e4chste&quot;,&quot;previous&quot;:&quot;vorherige&quot;,&quot;start_slideshow&quot;:&quot;Starte Slideshow&quot;,&quot;stop_slideshow&quot;:&quot;Stoppe Slideshow&quot;,&quot;image&quot;:&quot;Bild&quot;,&quot;of&quot;:&quot;von&quot;,&quot;prev&quot;:&quot;vorherige&quot;,&quot;cExpand&quot;:&quot;Erweitere&quot;,&quot;cPrevious&quot;:&quot;Vorheriges&quot;,&quot;cNext&quot;:&quot;N\\u00e4chstes&quot;,&quot;cExpandStr&quot;:&quot;Erweitere Bild&quot;,&quot;cRotate&quot;:&quot;Rotate&quot;,&quot;cDetails&quot;:&quot;Details&quot;}\" data-popup-slideshow=\"false\" data-popup-slideshow-speed=\"2500\" data-popup-hoverstop=\"false\" data-popup-slideshow-auto=\"false\" data-popup-background=\"\" data-popup-transparency=\"30\" data-popup-disable-history=\"\" data-popup-disable-changed-url=\"\" data-popup-border-type=\"\" data-popup-border-color=\"\" data-popup-border-width=\"\" data-popup-border-enable=\"\" data-fullscreen=\"false\" data-hide-tooltip=\"false\" data-caption-font-family=\"Default\" data-caption-text-size=\"140\" data-is-mobile=\"0\" data-caption-mobile=\"false\" data-hide-long-tltp-title=\"0\" data-caption-disabled-on-mobile=\"false\" data-popup-placement-type=\"0\" data-social-sharing=\"{&quot;enabled&quot;:&quot;&quot;,&quot;gallerySharing&quot;:{&quot;enabled&quot;:null,&quot;position&quot;:null},&quot;imageSharing&quot;:{&quot;enabled&quot;:null,&quot;wrapperClass&quot;:&quot; vertical &quot;},&quot;popupSharing&quot;:{&quot;enabled&quot;:null,&quot;wrapperClass&quot;:&quot; vertical &quot;}}\" class=\"grid-gallery grid-gallery-fixed \" style=\" width:100%; height:auto; margin-left:auto; margin-right:auto;position:relative;\"> <div class=\"gallery-loading\"> <div class=\"blocks\"> <div class=\"block\"><\/div> <div class=\"block\"><\/div> <div class=\"block\"><\/div> <div class=\"block\"><\/div> <\/div> <\/div> <div class=\"gallery-sharing-top\" style=\"display:none;\"> <\/div> <div id=\"photos-49\" class=\"grid-gallery-photos\"><FIGURE class=\"grid-gallery-caption\" data-grid-gallery-type=\"quarter-slide-up\" data-index=\"0\" style=\"display:none;border-radius:00;; margin:5.3px; width:2150;\" ><div class=\"crop\" style=\" width:2150; height:2150; overflow:hidden;\"><img decoding=\"async\" src=\"http:\/\/urbex-team-bremen-nord.de\/wp-content\/uploads\/2017\/11\/IMG_4132_3_4_tonemapped-215x215.jpg\" class=\"ggImg\" alt=\"Landesirrenanstalt T.\" title=\"Landesirrenanstalt T.\" data-description=\"Landesirrenanstalt T.\" data-caption=\"Landesirrenanstalt T.\" data-title=\"Landesirrenanstalt T.\" style=\" width:215px; height:215px;\" \/><\/div><FIGCAPTION class=\"\" data-alpha=\"5\" style=\"color:#ffffff; background-color:#6f0000; font-size:140; text-align:left; font-family:Default;\" ><div class=\"grid-gallery-figcaption-wrap\" style=\"\"><\/div><\/FIGCAPTION><\/FIGURE><FIGURE class=\"grid-gallery-caption\" data-grid-gallery-type=\"quarter-slide-up\" data-index=\"1\" style=\"display:none;border-radius:00;; margin:5.3px; width:2150;\" ><div class=\"crop\" style=\" width:2150; height:2150; overflow:hidden;\"><img decoding=\"async\" src=\"http:\/\/urbex-team-bremen-nord.de\/wp-content\/uploads\/2017\/11\/IMG_4051_2_3_tonemapped-215x215.jpg\" class=\"ggImg\" alt=\"Landesirrenanstalt T.\" title=\"Landesirrenanstalt T.\" data-description=\"Landesirrenanstalt T.\" data-caption=\"Landesirrenanstalt T.\" data-title=\"Landesirrenanstalt T.\" style=\" width:215px; height:215px;\" \/><\/div><FIGCAPTION class=\"\" data-alpha=\"5\" style=\"color:#ffffff; background-color:#6f0000; font-size:140; text-align:left; font-family:Default;\" ><div class=\"grid-gallery-figcaption-wrap\" style=\"\"><\/div><\/FIGCAPTION><\/FIGURE><FIGURE class=\"grid-gallery-caption\" data-grid-gallery-type=\"quarter-slide-up\" data-index=\"2\" style=\"display:none;border-radius:00;; margin:5.3px; width:2150;\" ><div class=\"crop\" style=\" width:2150; height:2150; overflow:hidden;\"><img decoding=\"async\" src=\"http:\/\/urbex-team-bremen-nord.de\/wp-content\/uploads\/2017\/11\/IMG_4030_1_2_tonemapped-215x215.jpg\" class=\"ggImg\" alt=\"Landesirrenanstalt T.\" title=\"Landesirrenanstalt T.\" data-description=\"Landesirrenanstalt T.\" data-caption=\"Landesirrenanstalt T.\" data-title=\"Landesirrenanstalt T.\" style=\" width:215px; height:215px;\" \/><\/div><FIGCAPTION class=\"\" data-alpha=\"5\" style=\"color:#ffffff; background-color:#6f0000; font-size:140; text-align:left; font-family:Default;\" ><div class=\"grid-gallery-figcaption-wrap\" style=\"\"><\/div><\/FIGCAPTION><\/FIGURE><FIGURE class=\"grid-gallery-caption\" data-grid-gallery-type=\"quarter-slide-up\" data-index=\"3\" style=\"display:none;border-radius:00;; margin:5.3px; width:2150;\" ><div class=\"crop\" style=\" width:2150; height:2150; overflow:hidden;\"><img decoding=\"async\" src=\"http:\/\/urbex-team-bremen-nord.de\/wp-content\/uploads\/2017\/11\/IMG_4043_4_5_tonemapped-215x215.jpg\" class=\"ggImg\" alt=\"Landesirrenanstalt T.\" title=\"Landesirrenanstalt T.\" data-description=\"Landesirrenanstalt T.\" data-caption=\"Landesirrenanstalt T.\" data-title=\"Landesirrenanstalt T.\" style=\" width:215px; height:215px;\" \/><\/div><FIGCAPTION class=\"\" data-alpha=\"5\" style=\"color:#ffffff; background-color:#6f0000; font-size:140; text-align:left; font-family:Default;\" ><div class=\"grid-gallery-figcaption-wrap\" style=\"\"><\/div><\/FIGCAPTION><\/FIGURE><FIGURE class=\"grid-gallery-caption\" data-grid-gallery-type=\"quarter-slide-up\" data-index=\"4\" style=\"display:none;border-radius:00;; margin:5.3px; width:2150;\" ><div class=\"crop\" style=\" width:2150; height:2150; overflow:hidden;\"><img decoding=\"async\" src=\"http:\/\/urbex-team-bremen-nord.de\/wp-content\/uploads\/2017\/11\/IMG_4055_6_7_tonemapped-215x215.jpg\" class=\"ggImg\" alt=\"Landesirrenanstalt T.\" title=\"Landesirrenanstalt T.\" data-description=\"Landesirrenanstalt T.\" data-caption=\"Landesirrenanstalt T.\" data-title=\"Landesirrenanstalt T.\" style=\" width:215px; height:215px;\" \/><\/div><FIGCAPTION class=\"\" data-alpha=\"5\" style=\"color:#ffffff; background-color:#6f0000; font-size:140; text-align:left; font-family:Default;\" ><div class=\"grid-gallery-figcaption-wrap\" style=\"\"><\/div><\/FIGCAPTION><\/FIGURE><FIGURE class=\"grid-gallery-caption\" data-grid-gallery-type=\"quarter-slide-up\" data-index=\"5\" style=\"display:none;border-radius:00;; margin:5.3px; width:2150;\" ><div class=\"crop\" style=\" width:2150; height:2150; overflow:hidden;\"><img decoding=\"async\" src=\"http:\/\/urbex-team-bremen-nord.de\/wp-content\/uploads\/2017\/11\/IMG_4096_7_8_tonemapped-Bearbeitet-215x215.jpg\" class=\"ggImg\" alt=\"Landesirrenanstalt T.\" title=\"Landesirrenanstalt T.\" data-description=\"Landesirrenanstalt T.\" data-caption=\"Landesirrenanstalt T.\" data-title=\"Landesirrenanstalt T.\" style=\" width:215px; height:215px;\" \/><\/div><FIGCAPTION class=\"\" data-alpha=\"5\" style=\"color:#ffffff; background-color:#6f0000; font-size:140; text-align:left; font-family:Default;\" ><div class=\"grid-gallery-figcaption-wrap\" style=\"\"><\/div><\/FIGCAPTION><\/FIGURE><FIGURE class=\"grid-gallery-caption\" data-grid-gallery-type=\"quarter-slide-up\" data-index=\"6\" style=\"display:none;border-radius:00;; margin:5.3px; width:2150;\" ><div class=\"crop\" style=\" width:2150; height:2150; overflow:hidden;\"><img decoding=\"async\" src=\"http:\/\/urbex-team-bremen-nord.de\/wp-content\/uploads\/2017\/11\/IMG_4136_7_8_tonemapped-215x215.jpg\" class=\"ggImg\" alt=\"Landesirrenanstalt T.\" title=\"Landesirrenanstalt T.\" data-description=\"Landesirrenanstalt T.\" data-caption=\"Landesirrenanstalt T.\" data-title=\"Landesirrenanstalt T.\" style=\" width:215px; height:215px;\" \/><\/div><FIGCAPTION class=\"\" data-alpha=\"5\" style=\"color:#ffffff; background-color:#6f0000; font-size:140; text-align:left; font-family:Default;\" ><div class=\"grid-gallery-figcaption-wrap\" style=\"\"><\/div><\/FIGCAPTION><\/FIGURE><FIGURE class=\"grid-gallery-caption\" data-grid-gallery-type=\"quarter-slide-up\" data-index=\"7\" style=\"display:none;border-radius:00;; margin:5.3px; width:2150;\" ><div class=\"crop\" style=\" width:2150; height:2150; overflow:hidden;\"><img decoding=\"async\" src=\"http:\/\/urbex-team-bremen-nord.de\/wp-content\/uploads\/2017\/11\/IMG_4112_3_4_tonemapped-Bearbeitet-215x215.jpg\" class=\"ggImg\" alt=\"Landesirrenanstalt T.\" title=\"Landesirrenanstalt T.\" data-description=\"Landesirrenanstalt T.\" data-caption=\"Landesirrenanstalt T.\" data-title=\"Landesirrenanstalt T.\" style=\" width:215px; height:215px;\" \/><\/div><FIGCAPTION class=\"\" data-alpha=\"5\" style=\"color:#ffffff; background-color:#6f0000; font-size:140; text-align:left; font-family:Default;\" ><div class=\"grid-gallery-figcaption-wrap\" style=\"\"><\/div><\/FIGCAPTION><\/FIGURE><FIGURE class=\"grid-gallery-caption\" data-grid-gallery-type=\"quarter-slide-up\" data-index=\"8\" style=\"display:none;border-radius:00;; margin:5.3px; width:2150;\" ><div class=\"crop\" style=\" width:2150; height:2150; overflow:hidden;\"><img decoding=\"async\" src=\"http:\/\/urbex-team-bremen-nord.de\/wp-content\/uploads\/2017\/11\/IMG_4039_40_41_tonemapped-215x215.jpg\" class=\"ggImg\" alt=\"Landesirrenanstalt T.\" title=\"Landesirrenanstalt T.\" data-description=\"Landesirrenanstalt T.\" data-caption=\"Landesirrenanstalt T.\" data-title=\"Landesirrenanstalt T.\" style=\" width:215px; height:215px;\" \/><\/div><FIGCAPTION class=\"\" data-alpha=\"5\" style=\"color:#ffffff; background-color:#6f0000; font-size:140; text-align:left; font-family:Default;\" ><div class=\"grid-gallery-figcaption-wrap\" style=\"\"><\/div><\/FIGCAPTION><\/FIGURE><FIGURE class=\"grid-gallery-caption\" data-grid-gallery-type=\"quarter-slide-up\" data-index=\"9\" style=\"display:none;border-radius:00;; margin:5.3px; width:2150;\" ><div class=\"crop\" style=\" width:2150; height:2150; overflow:hidden;\"><img decoding=\"async\" src=\"http:\/\/urbex-team-bremen-nord.de\/wp-content\/uploads\/2017\/11\/IMG_4047_8_9_tonemapped-215x215.jpg\" class=\"ggImg\" alt=\"Landesirrenanstalt T.\" title=\"Landesirrenanstalt T.\" data-description=\"Landesirrenanstalt T.\" data-caption=\"Landesirrenanstalt T.\" data-title=\"Landesirrenanstalt T.\" style=\" width:215px; height:215px;\" \/><\/div><FIGCAPTION class=\"\" data-alpha=\"5\" style=\"color:#ffffff; background-color:#6f0000; font-size:140; text-align:left; font-family:Default;\" ><div class=\"grid-gallery-figcaption-wrap\" style=\"\"><\/div><\/FIGCAPTION><\/FIGURE><FIGURE class=\"grid-gallery-caption\" data-grid-gallery-type=\"quarter-slide-up\" data-index=\"10\" style=\"display:none;border-radius:00;; margin:5.3px; width:2150;\" ><div class=\"crop\" style=\" width:2150; height:2150; overflow:hidden;\"><img decoding=\"async\" src=\"http:\/\/urbex-team-bremen-nord.de\/wp-content\/uploads\/2017\/11\/IMG_4108_09_10_tonemapped-215x215.jpg\" class=\"ggImg\" alt=\"Landesirrenanstalt T.\" title=\"Landesirrenanstalt T.\" data-description=\"Landesirrenanstalt T.\" data-caption=\"Landesirrenanstalt T.\" data-title=\"Landesirrenanstalt T.\" style=\" width:215px; height:215px;\" \/><\/div><FIGCAPTION class=\"\" data-alpha=\"5\" style=\"color:#ffffff; background-color:#6f0000; font-size:140; text-align:left; font-family:Default;\" ><div class=\"grid-gallery-figcaption-wrap\" style=\"\"><\/div><\/FIGCAPTION><\/FIGURE><FIGURE class=\"grid-gallery-caption\" data-grid-gallery-type=\"quarter-slide-up\" data-index=\"11\" style=\"display:none;border-radius:00;; margin:5.3px; width:2150;\" ><div class=\"crop\" style=\" width:2150; height:2150; overflow:hidden;\"><img decoding=\"async\" src=\"http:\/\/urbex-team-bremen-nord.de\/wp-content\/uploads\/2017\/11\/IMG_4035_6_7_tonemapped-215x215.jpg\" class=\"ggImg\" alt=\"Landesirrenanstalt T.\" title=\"Landesirrenanstalt T.\" data-description=\"Landesirrenanstalt T.\" data-caption=\"Landesirrenanstalt T.\" data-title=\"Landesirrenanstalt T.\" style=\" width:215px; height:215px;\" \/><\/div><FIGCAPTION class=\"\" data-alpha=\"5\" style=\"color:#ffffff; background-color:#6f0000; font-size:140; text-align:left; font-family:Default;\" ><div class=\"grid-gallery-figcaption-wrap\" style=\"\"><\/div><\/FIGCAPTION><\/FIGURE><FIGURE class=\"grid-gallery-caption\" data-grid-gallery-type=\"quarter-slide-up\" data-index=\"12\" style=\"display:none;border-radius:00;; margin:5.3px; width:2150;\" ><div class=\"crop\" style=\" width:2150; height:2150; overflow:hidden;\"><img decoding=\"async\" src=\"http:\/\/urbex-team-bremen-nord.de\/wp-content\/uploads\/2017\/11\/IMG_4059_60_61_tonemapped-215x215.jpg\" class=\"ggImg\" alt=\"Landesirrenanstalt T.\" title=\"Landesirrenanstalt T.\" data-description=\"Landesirrenanstalt T.\" data-caption=\"Landesirrenanstalt T.\" data-title=\"Landesirrenanstalt T.\" style=\" width:215px; height:215px;\" \/><\/div><FIGCAPTION class=\"\" data-alpha=\"5\" style=\"color:#ffffff; background-color:#6f0000; font-size:140; text-align:left; font-family:Default;\" ><div class=\"grid-gallery-figcaption-wrap\" style=\"\"><\/div><\/FIGCAPTION><\/FIGURE><FIGURE class=\"grid-gallery-caption\" data-grid-gallery-type=\"quarter-slide-up\" data-index=\"13\" style=\"display:none;border-radius:00;; margin:5.3px; width:2150;\" ><div class=\"crop\" style=\" width:2150; height:2150; overflow:hidden;\"><img decoding=\"async\" src=\"http:\/\/urbex-team-bremen-nord.de\/wp-content\/uploads\/2017\/11\/IMG_4063_4_5_tonemapped-215x215.jpg\" class=\"ggImg\" alt=\"Landesirrenanstalt T.\" title=\"Landesirrenanstalt T.\" data-description=\"Landesirrenanstalt T.\" data-caption=\"Landesirrenanstalt T.\" data-title=\"Landesirrenanstalt T.\" style=\" width:215px; height:215px;\" \/><\/div><FIGCAPTION class=\"\" data-alpha=\"5\" style=\"color:#ffffff; background-color:#6f0000; font-size:140; text-align:left; font-family:Default;\" ><div class=\"grid-gallery-figcaption-wrap\" style=\"\"><\/div><\/FIGCAPTION><\/FIGURE><FIGURE class=\"grid-gallery-caption\" data-grid-gallery-type=\"quarter-slide-up\" data-index=\"14\" style=\"display:none;border-radius:00;; margin:5.3px; width:2150;\" ><div class=\"crop\" style=\" width:2150; height:2150; overflow:hidden;\"><img decoding=\"async\" src=\"http:\/\/urbex-team-bremen-nord.de\/wp-content\/uploads\/2017\/11\/IMG_4071_2_3_tonemapped-215x215.jpg\" class=\"ggImg\" alt=\"Landesirrenanstalt T.\" title=\"Landesirrenanstalt T.\" data-description=\"Landesirrenanstalt T.\" data-caption=\"Landesirrenanstalt T.\" data-title=\"Landesirrenanstalt T.\" style=\" width:215px; height:215px;\" \/><\/div><FIGCAPTION class=\"\" data-alpha=\"5\" style=\"color:#ffffff; background-color:#6f0000; font-size:140; text-align:left; font-family:Default;\" ><div class=\"grid-gallery-figcaption-wrap\" style=\"\"><\/div><\/FIGCAPTION><\/FIGURE><FIGURE class=\"grid-gallery-caption\" data-grid-gallery-type=\"quarter-slide-up\" data-index=\"15\" style=\"display:none;border-radius:00;; margin:5.3px; width:2150;\" ><div class=\"crop\" style=\" width:2150; height:2150; overflow:hidden;\"><img decoding=\"async\" src=\"http:\/\/urbex-team-bremen-nord.de\/wp-content\/uploads\/2017\/11\/IMG_4075_6_7_tonemapped-215x215.jpg\" class=\"ggImg\" alt=\"Landesirrenanstalt T.\" title=\"Landesirrenanstalt T.\" data-description=\"Landesirrenanstalt T.\" data-caption=\"Landesirrenanstalt T.\" data-title=\"Landesirrenanstalt T.\" style=\" width:215px; height:215px;\" \/><\/div><FIGCAPTION class=\"\" data-alpha=\"5\" style=\"color:#ffffff; background-color:#6f0000; font-size:140; text-align:left; font-family:Default;\" ><div class=\"grid-gallery-figcaption-wrap\" style=\"\"><\/div><\/FIGCAPTION><\/FIGURE> <div class=\"grid-gallery-clearfix\"><\/div> <\/div> <div class=\"gallery-sharing-bottom\" style=\"display:none;\"> <\/div> <div class=\"gallery-sharing-image\" style=\"display:none;\"> <\/div> <div class=\"gallery-sharing-popup\" style=\"display:none;\"> <\/div> <div class=\"grid-gallery-clearfix\"><\/div> <\/div> <!-- Gallery by Supsystic plugin1.15.25 --><a title=\"Wordpress Gallery Plugin Free\" style=\"display:none;\" href=\"https:\/\/supsystic.com\/plugins\/photo-gallery\/?utm_medium=love_link\" target=\"_blank\">Wordpress Gallery Plugin Free<\/a>\n","protected":false},"excerpt":{"rendered":"<p>Die Landesirrenanstalt wurde Anfang 1900 erbaut und steht heute unter Denkmalschutz. Sie war zum damaligen Zeitpunkt eine f\u00fcr sich abgeschlossene Stadt f\u00fcr &#8222;Geisteskranke&#8220;. Sie lebten auf dem riesigen Gel\u00e4nde v\u00f6llig abgeschottet von der Au\u00dfenwelt, konnten dort arbeiten und standen unter st\u00e4ndiger Beobachtung von den \u00c4rzten. Die Anlage bot Platz f\u00fcr ca. 1600 Patienten. Alles was &hellip; <a href=\"https:\/\/urbex-team-bremen-nord.de\/?page_id=1386\" class=\"more-link\"><span class=\"screen-reader-text\">Landesirrenanstalt T.<\/span> weiterlesen<\/a><\/p>\n","protected":false},"author":2,"featured_media":0,"parent":0,"menu_order":0,"comment_status":"closed","ping_status":"closed","template":"","meta":{"ngg_post_thumbnail":0,"footnotes":""},"class_list":["post-1386","page","type-page","status-publish","hentry"],"_links":{"self":[{"href":"https:\/\/urbex-team-bremen-nord.de\/index.php?rest_route=\/wp\/v2\/pages\/1386","targetHints":{"allow":["GET"]}}],"collection":[{"href":"https:\/\/urbex-team-bremen-nord.de\/index.php?rest_route=\/wp\/v2\/pages"}],"about":[{"href":"https:\/\/urbex-team-bremen-nord.de\/index.php?rest_route=\/wp\/v2\/types\/page"}],"author":[{"embeddable":true,"href":"https:\/\/urbex-team-bremen-nord.de\/index.php?rest_route=\/wp\/v2\/users\/2"}],"replies":[{"embeddable":true,"href":"https:\/\/urbex-team-bremen-nord.de\/index.php?rest_route=%2Fwp%2Fv2%2Fcomments&post=1386"}],"version-history":[{"count":2,"href":"https:\/\/urbex-team-bremen-nord.de\/index.php?rest_route=\/wp\/v2\/pages\/1386\/revisions"}],"predecessor-version":[{"id":1389,"href":"https:\/\/urbex-team-bremen-nord.de\/index.php?rest_route=\/wp\/v2\/pages\/1386\/revisions\/1389"}],"wp:attachment":[{"href":"https:\/\/urbex-team-bremen-nord.de\/index.php?rest_route=%2Fwp%2Fv2%2Fmedia&parent=1386"}],"curies":[{"name":"wp","href":"https:\/\/api.w.org\/{rel}","templated":true}]}}