{"id":1347,"date":"2017-10-16T18:36:57","date_gmt":"2017-10-16T16:36:57","guid":{"rendered":"http:\/\/urbex-team-bremen-nord.de\/?page_id=1347"},"modified":"2017-10-16T18:36:57","modified_gmt":"2017-10-16T16:36:57","slug":"geheimbunker-der-stasi","status":"publish","type":"page","link":"https:\/\/urbex-team-bremen-nord.de\/?page_id=1347","title":{"rendered":"Geheimbunker der &#8222;Stasi&#8220;"},"content":{"rendered":"<p>Die &#8222;Stasi&#8220; war die DDR-Geheimpolizei. Der von uns besuchte Bunker war einer von vielen, den die DDR in den Jahren 1968 bis 1980 aus Angst vor einem erneuten Aufstand des Volkes oder einer Invasion der NATO-Truppen gebaut hatte.<\/p>\n<p>Direkt unter einem Doppelwohnhaus mit einem sch\u00f6nen Obstgarten befindet sich der etwa 500 Quadratmeter gro\u00dfe Bunker. Rund 100 Mitarbeiter h\u00e4tten hier Platz gefunden, darunter auch der Verbindungsoffizier zum sowjetischen Geheimdienst KGB. Zum Bunker geh\u00f6rte au\u00dferdem eine Sendestelle mit mobilem Sendemast in direkter N\u00e4he.<\/p>\n<p>In Kriegszeiten, bei inl\u00e4ndischen oder internationalen Spannungen h\u00e4tten hier die Stasi F\u00fchrungskr\u00e4fte Schutz gefunden und von dort aus alle Handlungen geleitet.<\/p>\n<p>Im Herbst 1989 war der Krisenfall da, aber er verlief ganz anders als geplant und endete mit der Aufl\u00f6sung der Stasi.<\/p>\n<div id=\"grid-gallery-47-26188\" data-gg-id=\"47\" data-title=\"Geheimbunker der &amp;quot;Stasi&amp;quot;\" data-grid-type=\"0\" data-offset=\"5.3\" data-area-position=\"center\" data-icons=\"\" data-preloader=\"\" data-width=\"215\" data-height=\"215\" data-padding=\"\" data-quicksand=\"disabled\" data-quicksand-duration=\"none\" data-popup-theme=\"theme_6\" data-popup-type=\"pretty-photo\" data-popup-image-text=\"title\" data-popup-widthsize=\"auto\" data-popup-heightsize=\"auto\" data-popup-i18n-words=\"{&quot;close&quot;:&quot;schlie\\u00dfen&quot;,&quot;next&quot;:&quot;n\\u00e4chste&quot;,&quot;previous&quot;:&quot;vorherige&quot;,&quot;start_slideshow&quot;:&quot;Starte Slideshow&quot;,&quot;stop_slideshow&quot;:&quot;Stoppe Slideshow&quot;,&quot;image&quot;:&quot;Bild&quot;,&quot;of&quot;:&quot;von&quot;,&quot;prev&quot;:&quot;vorherige&quot;,&quot;cExpand&quot;:&quot;Erweitere&quot;,&quot;cPrevious&quot;:&quot;Vorheriges&quot;,&quot;cNext&quot;:&quot;N\\u00e4chstes&quot;,&quot;cExpandStr&quot;:&quot;Erweitere Bild&quot;,&quot;cRotate&quot;:&quot;Rotate&quot;,&quot;cDetails&quot;:&quot;Details&quot;}\" data-popup-slideshow=\"false\" data-popup-slideshow-speed=\"2500\" data-popup-hoverstop=\"true\" data-popup-slideshow-auto=\"false\" data-popup-background=\"\" data-popup-transparency=\"30\" data-popup-disable-history=\"\" data-popup-disable-changed-url=\"\" data-popup-border-type=\"\" data-popup-border-color=\"\" data-popup-border-width=\"\" data-popup-border-enable=\"\" data-fullscreen=\"false\" data-hide-tooltip=\"\" data-caption-font-family=\"\" data-caption-text-size=\"140\" data-is-mobile=\"0\" data-caption-mobile=\"false\" data-hide-long-tltp-title=\"0\" data-caption-disabled-on-mobile=\"false\" data-popup-placement-type=\"0\" data-social-sharing=\"{&quot;enabled&quot;:null,&quot;gallerySharing&quot;:{&quot;enabled&quot;:null,&quot;position&quot;:null},&quot;imageSharing&quot;:{&quot;enabled&quot;:null,&quot;wrapperClass&quot;:&quot; vertical &quot;},&quot;popupSharing&quot;:{&quot;enabled&quot;:null,&quot;wrapperClass&quot;:&quot; vertical &quot;}}\" class=\"grid-gallery grid-gallery-fixed \" style=\" width:100%; height:auto; margin-left:auto; margin-right:auto;position:relative;\"> <div class=\"gallery-loading\"> <div class=\"blocks\"> <div class=\"block\"><\/div> <div class=\"block\"><\/div> <div class=\"block\"><\/div> <div class=\"block\"><\/div> <\/div> <\/div> <div class=\"gallery-sharing-top\" style=\"display:none;\"> <\/div> <div id=\"photos-47\" class=\"grid-gallery-photos\"><FIGURE class=\"grid-gallery-caption\" data-grid-gallery-type=\"quarter-slide-up\" data-index=\"0\" style=\"display:none;border-radius:00;; margin:5.3px; width:2150;\" ><div class=\"crop\" style=\" width:2150; height:2150; overflow:hidden;\"><img decoding=\"async\" src=\"http:\/\/urbex-team-bremen-nord.de\/wp-content\/uploads\/2017\/10\/IMG_3974_5_6_tonemapped-215x215.jpg\" class=\"ggImg\" alt=\"Geheimbunker der &quot;Stasi&quot;\" title=\"Geheimbunker der &quot;Stasi&quot;\" data-description=\"Geheimbunker der &quot;Stasi&quot;\" data-caption=\"Geheimbunker der &quot;Stasi&quot;\" data-title=\"Geheimbunker der &quot;Stasi&quot;\" style=\" width:215px; height:215px;\" \/><\/div><FIGCAPTION class=\"\" data-alpha=\"5\" style=\"color:#ffffff; background-color:#6f0000; font-size:140; text-align:2; font-family:;\" ><div class=\"grid-gallery-figcaption-wrap\" style=\"\"><\/div><\/FIGCAPTION><\/FIGURE><FIGURE class=\"grid-gallery-caption\" data-grid-gallery-type=\"quarter-slide-up\" data-index=\"1\" style=\"display:none;border-radius:00;; margin:5.3px; width:2150;\" ><div class=\"crop\" style=\" width:2150; height:2150; overflow:hidden;\"><img decoding=\"async\" src=\"http:\/\/urbex-team-bremen-nord.de\/wp-content\/uploads\/2017\/10\/IMG_3970_1_2_tonemapped-215x215.jpg\" class=\"ggImg\" alt=\"Geheimbunker der &quot;Stasi&quot;\" title=\"Geheimbunker der &quot;Stasi&quot;\" data-description=\"Geheimbunker der &quot;Stasi&quot;\" data-caption=\"Geheimbunker der &quot;Stasi&quot;\" data-title=\"Geheimbunker der &quot;Stasi&quot;\" style=\" width:215px; height:215px;\" \/><\/div><FIGCAPTION class=\"\" data-alpha=\"5\" style=\"color:#ffffff; background-color:#6f0000; font-size:140; text-align:2; font-family:;\" ><div class=\"grid-gallery-figcaption-wrap\" style=\"\"><\/div><\/FIGCAPTION><\/FIGURE><FIGURE class=\"grid-gallery-caption\" data-grid-gallery-type=\"quarter-slide-up\" data-index=\"2\" style=\"display:none;border-radius:00;; margin:5.3px; width:2150;\" ><div class=\"crop\" style=\" width:2150; height:2150; overflow:hidden;\"><img decoding=\"async\" src=\"http:\/\/urbex-team-bremen-nord.de\/wp-content\/uploads\/2017\/10\/IMG_3926_7_8_tonemapped-215x215.jpg\" class=\"ggImg\" alt=\"Geheimbunker der &quot;Stasi&quot;\" title=\"Geheimbunker der &quot;Stasi&quot;\" data-description=\"Geheimbunker der &quot;Stasi&quot;\" data-caption=\"Geheimbunker der &quot;Stasi&quot;\" data-title=\"Geheimbunker der &quot;Stasi&quot;\" style=\" width:215px; height:215px;\" \/><\/div><FIGCAPTION class=\"\" data-alpha=\"5\" style=\"color:#ffffff; background-color:#6f0000; font-size:140; text-align:2; font-family:;\" ><div class=\"grid-gallery-figcaption-wrap\" style=\"\"><\/div><\/FIGCAPTION><\/FIGURE><FIGURE class=\"grid-gallery-caption\" data-grid-gallery-type=\"quarter-slide-up\" data-index=\"3\" style=\"display:none;border-radius:00;; margin:5.3px; width:2150;\" ><div class=\"crop\" style=\" width:2150; height:2150; overflow:hidden;\"><img decoding=\"async\" src=\"http:\/\/urbex-team-bremen-nord.de\/wp-content\/uploads\/2017\/10\/IMG_3962_3_4_tonemapped-215x215.jpg\" class=\"ggImg\" alt=\"Geheimbunker der &quot;Stasi&quot;\" title=\"Geheimbunker der &quot;Stasi&quot;\" data-description=\"Geheimbunker der &quot;Stasi&quot;\" data-caption=\"Geheimbunker der &quot;Stasi&quot;\" data-title=\"Geheimbunker der &quot;Stasi&quot;\" style=\" width:215px; height:215px;\" \/><\/div><FIGCAPTION class=\"\" data-alpha=\"5\" style=\"color:#ffffff; background-color:#6f0000; font-size:140; text-align:2; font-family:;\" ><div class=\"grid-gallery-figcaption-wrap\" style=\"\"><\/div><\/FIGCAPTION><\/FIGURE><FIGURE class=\"grid-gallery-caption\" data-grid-gallery-type=\"quarter-slide-up\" data-index=\"4\" style=\"display:none;border-radius:00;; margin:5.3px; width:2150;\" ><div class=\"crop\" style=\" width:2150; height:2150; overflow:hidden;\"><img decoding=\"async\" src=\"http:\/\/urbex-team-bremen-nord.de\/wp-content\/uploads\/2017\/10\/IMG_3966_7_8_tonemapped-215x215.jpg\" class=\"ggImg\" alt=\"Geheimbunker der &quot;Stasi&quot;\" title=\"Geheimbunker der &quot;Stasi&quot;\" data-description=\"Geheimbunker der &quot;Stasi&quot;\" data-caption=\"Geheimbunker der &quot;Stasi&quot;\" data-title=\"Geheimbunker der &quot;Stasi&quot;\" style=\" width:215px; height:215px;\" \/><\/div><FIGCAPTION class=\"\" data-alpha=\"5\" style=\"color:#ffffff; background-color:#6f0000; font-size:140; text-align:2; font-family:;\" ><div class=\"grid-gallery-figcaption-wrap\" style=\"\"><\/div><\/FIGCAPTION><\/FIGURE><FIGURE class=\"grid-gallery-caption\" data-grid-gallery-type=\"quarter-slide-up\" data-index=\"5\" style=\"display:none;border-radius:00;; margin:5.3px; width:2150;\" ><div class=\"crop\" style=\" width:2150; height:2150; overflow:hidden;\"><img decoding=\"async\" src=\"http:\/\/urbex-team-bremen-nord.de\/wp-content\/uploads\/2017\/10\/IMG_3954_5_6_tonemapped-Bearbeitet-215x215.jpg\" class=\"ggImg\" alt=\"Geheimbunker der &quot;Stasi&quot;\" title=\"Geheimbunker der &quot;Stasi&quot;-Bearbeitet\" data-description=\"Geheimbunker der &quot;Stasi&quot;-Bearbeitet\" data-caption=\"Geheimbunker der &quot;Stasi&quot;-Bearbeitet\" data-title=\"Geheimbunker der &quot;Stasi&quot;-Bearbeitet\" style=\" width:215px; height:215px;\" \/><\/div><FIGCAPTION class=\"\" data-alpha=\"5\" style=\"color:#ffffff; background-color:#6f0000; font-size:140; text-align:2; font-family:;\" ><div class=\"grid-gallery-figcaption-wrap\" style=\"\"><\/div><\/FIGCAPTION><\/FIGURE><FIGURE class=\"grid-gallery-caption\" data-grid-gallery-type=\"quarter-slide-up\" data-index=\"6\" style=\"display:none;border-radius:00;; margin:5.3px; width:2150;\" ><div class=\"crop\" style=\" width:2150; height:2150; overflow:hidden;\"><img decoding=\"async\" src=\"http:\/\/urbex-team-bremen-nord.de\/wp-content\/uploads\/2017\/10\/IMG_3938_39_40_tonemapped-215x215.jpg\" class=\"ggImg\" alt=\"Geheimbunker der &quot;Stasi&quot;\" title=\"Geheimbunker der &quot;Stasi&quot;\" data-description=\"Geheimbunker der &quot;Stasi&quot;\" data-caption=\"Geheimbunker der &quot;Stasi&quot;\" data-title=\"Geheimbunker der &quot;Stasi&quot;\" style=\" width:215px; height:215px;\" \/><\/div><FIGCAPTION class=\"\" data-alpha=\"5\" style=\"color:#ffffff; background-color:#6f0000; font-size:140; text-align:2; font-family:;\" ><div class=\"grid-gallery-figcaption-wrap\" style=\"\"><\/div><\/FIGCAPTION><\/FIGURE><FIGURE class=\"grid-gallery-caption\" data-grid-gallery-type=\"quarter-slide-up\" data-index=\"7\" style=\"display:none;border-radius:00;; margin:5.3px; width:2150;\" ><div class=\"crop\" style=\" width:2150; height:2150; overflow:hidden;\"><img decoding=\"async\" src=\"http:\/\/urbex-team-bremen-nord.de\/wp-content\/uploads\/2017\/10\/IMG_3934_5_6_tonemapped-215x215.jpg\" class=\"ggImg\" alt=\"Geheimbunker der &quot;Stasi&quot;\" title=\"Geheimbunker der &quot;Stasi&quot;\" data-description=\"Geheimbunker der &quot;Stasi&quot;\" data-caption=\"Geheimbunker der &quot;Stasi&quot;\" data-title=\"Geheimbunker der &quot;Stasi&quot;\" style=\" width:215px; height:215px;\" \/><\/div><FIGCAPTION class=\"\" data-alpha=\"5\" style=\"color:#ffffff; background-color:#6f0000; font-size:140; text-align:2; font-family:;\" ><div class=\"grid-gallery-figcaption-wrap\" style=\"\"><\/div><\/FIGCAPTION><\/FIGURE><FIGURE class=\"grid-gallery-caption\" data-grid-gallery-type=\"quarter-slide-up\" data-index=\"8\" style=\"display:none;border-radius:00;; margin:5.3px; width:2150;\" ><div class=\"crop\" style=\" width:2150; height:2150; overflow:hidden;\"><img decoding=\"async\" src=\"http:\/\/urbex-team-bremen-nord.de\/wp-content\/uploads\/2017\/10\/IMG_3922_3_4_tonemapped-215x215.jpg\" class=\"ggImg\" alt=\"Geheimbunker der &quot;Stasi&quot;\" title=\"Geheimbunker der &quot;Stasi&quot;\" data-description=\"Geheimbunker der &quot;Stasi&quot;\" data-caption=\"Geheimbunker der &quot;Stasi&quot;\" data-title=\"Geheimbunker der &quot;Stasi&quot;\" style=\" width:215px; height:215px;\" \/><\/div><FIGCAPTION class=\"\" data-alpha=\"5\" style=\"color:#ffffff; background-color:#6f0000; font-size:140; text-align:2; font-family:;\" ><div class=\"grid-gallery-figcaption-wrap\" style=\"\"><\/div><\/FIGCAPTION><\/FIGURE><FIGURE class=\"grid-gallery-caption\" data-grid-gallery-type=\"quarter-slide-up\" data-index=\"9\" style=\"display:none;border-radius:00;; margin:5.3px; width:2150;\" ><div class=\"crop\" style=\" width:2150; height:2150; overflow:hidden;\"><img decoding=\"async\" src=\"http:\/\/urbex-team-bremen-nord.de\/wp-content\/uploads\/2017\/10\/IMG_3914_5_6_tonemapped-215x215.jpg\" class=\"ggImg\" alt=\"Geheimbunker der &quot;Stasi&quot;\" title=\"Geheimbunker der &quot;Stasi&quot;\" data-description=\"Geheimbunker der &quot;Stasi&quot;\" data-caption=\"Geheimbunker der &quot;Stasi&quot;\" data-title=\"Geheimbunker der &quot;Stasi&quot;\" style=\" width:215px; height:215px;\" \/><\/div><FIGCAPTION class=\"\" data-alpha=\"5\" style=\"color:#ffffff; background-color:#6f0000; font-size:140; text-align:2; font-family:;\" ><div class=\"grid-gallery-figcaption-wrap\" style=\"\"><\/div><\/FIGCAPTION><\/FIGURE><FIGURE class=\"grid-gallery-caption\" data-grid-gallery-type=\"quarter-slide-up\" data-index=\"10\" style=\"display:none;border-radius:00;; margin:5.3px; width:2150;\" ><div class=\"crop\" style=\" width:2150; height:2150; overflow:hidden;\"><img decoding=\"async\" src=\"http:\/\/urbex-team-bremen-nord.de\/wp-content\/uploads\/2017\/10\/IMG_3901_2_3_tonemapped-215x215.jpg\" class=\"ggImg\" alt=\"Geheimbunker der &quot;Stasi&quot;\" title=\"Geheimbunker der &quot;Stasi&quot;\" data-description=\"Geheimbunker der &quot;Stasi&quot;\" data-caption=\"Geheimbunker der &quot;Stasi&quot;\" data-title=\"Geheimbunker der &quot;Stasi&quot;\" style=\" width:215px; height:215px;\" \/><\/div><FIGCAPTION class=\"\" data-alpha=\"5\" style=\"color:#ffffff; background-color:#6f0000; font-size:140; text-align:2; font-family:;\" ><div class=\"grid-gallery-figcaption-wrap\" style=\"\"><\/div><\/FIGCAPTION><\/FIGURE> <div class=\"grid-gallery-clearfix\"><\/div> <\/div> <div class=\"gallery-sharing-bottom\" style=\"display:none;\"> <\/div> <div class=\"gallery-sharing-image\" style=\"display:none;\"> <\/div> <div class=\"gallery-sharing-popup\" style=\"display:none;\"> <\/div> <div class=\"grid-gallery-clearfix\"><\/div> <\/div> <!-- Gallery by Supsystic plugin1.15.25 --><a title=\"Wordpress Gallery Plugin Free\" style=\"display:none;\" href=\"https:\/\/supsystic.com\/plugins\/photo-gallery\/?utm_medium=love_link\" target=\"_blank\">Wordpress Gallery Plugin Free<\/a>\n","protected":false},"excerpt":{"rendered":"<p>Die &#8222;Stasi&#8220; war die DDR-Geheimpolizei. Der von uns besuchte Bunker war einer von vielen, den die DDR in den Jahren 1968 bis 1980 aus Angst vor einem erneuten Aufstand des Volkes oder einer Invasion der NATO-Truppen gebaut hatte. Direkt unter einem Doppelwohnhaus mit einem sch\u00f6nen Obstgarten befindet sich der etwa 500 Quadratmeter gro\u00dfe Bunker. Rund &hellip; <a href=\"https:\/\/urbex-team-bremen-nord.de\/?page_id=1347\" class=\"more-link\"><span class=\"screen-reader-text\">Geheimbunker der &#8222;Stasi&#8220;<\/span> weiterlesen<\/a><\/p>\n","protected":false},"author":2,"featured_media":0,"parent":0,"menu_order":0,"comment_status":"closed","ping_status":"closed","template":"","meta":{"ngg_post_thumbnail":0,"footnotes":""},"class_list":["post-1347","page","type-page","status-publish","hentry"],"_links":{"self":[{"href":"https:\/\/urbex-team-bremen-nord.de\/index.php?rest_route=\/wp\/v2\/pages\/1347","targetHints":{"allow":["GET"]}}],"collection":[{"href":"https:\/\/urbex-team-bremen-nord.de\/index.php?rest_route=\/wp\/v2\/pages"}],"about":[{"href":"https:\/\/urbex-team-bremen-nord.de\/index.php?rest_route=\/wp\/v2\/types\/page"}],"author":[{"embeddable":true,"href":"https:\/\/urbex-team-bremen-nord.de\/index.php?rest_route=\/wp\/v2\/users\/2"}],"replies":[{"embeddable":true,"href":"https:\/\/urbex-team-bremen-nord.de\/index.php?rest_route=%2Fwp%2Fv2%2Fcomments&post=1347"}],"version-history":[{"count":1,"href":"https:\/\/urbex-team-bremen-nord.de\/index.php?rest_route=\/wp\/v2\/pages\/1347\/revisions"}],"predecessor-version":[{"id":1349,"href":"https:\/\/urbex-team-bremen-nord.de\/index.php?rest_route=\/wp\/v2\/pages\/1347\/revisions\/1349"}],"wp:attachment":[{"href":"https:\/\/urbex-team-bremen-nord.de\/index.php?rest_route=%2Fwp%2Fv2%2Fmedia&parent=1347"}],"curies":[{"name":"wp","href":"https:\/\/api.w.org\/{rel}","templated":true}]}}