{"id":1066,"date":"2017-07-03T22:09:28","date_gmt":"2017-07-03T20:09:28","guid":{"rendered":"http:\/\/urbex-team-bremen-nord.de\/?page_id=1066"},"modified":"2017-07-03T22:09:28","modified_gmt":"2017-07-03T20:09:28","slug":"sowjetische-garnison-k","status":"publish","type":"page","link":"https:\/\/urbex-team-bremen-nord.de\/?page_id=1066","title":{"rendered":"Sowjetische Garnison K."},"content":{"rendered":"<p>In unmittelbarere N\u00e4he eines vorhandenen Truppen\u00fcbungsplatzes begann gegen Ende der 1930er Jahre die Geschichte dieser Kavallerieschule.<\/p>\n<p>Bis in die ersten Kriegsjahre hinein stand an der Lehranstalt die Ausbildung von Pferd und Reiter an erster Stelle. Die deutlich zunehmende Motorisierung und die seit Mitte der 30er Jahre laufende Abl\u00f6sung der traditionellen Kavallerie durch den Panzer ver\u00e4nderten auch das Profil der Schule.<\/p>\n<p>Ende der 1940er Jahre beanspruchte die sowjetische Armee das Gel\u00e4nde f\u00fcr sich und es erfolgte die Stationierung von Panzer-Truppen. Die vorhandenen Stallanlagen wurden \u00fcberwiegend zu Garagen umgebaut.<\/p>\n<p>Nach dem Abzug der sowjetischen Truppen und die damit endende Zeit der milit\u00e4rischen Nutzung ging das Gel\u00e4nde in den Besitz des Landes \u00fcber. Seitdem wird die Liegenschaft praktisch nicht mehr genutzt. Es gibt verschiedene Bestrebungen dort Wohnraum zu schaffen. Bisher ist nicht wirklich viel dort passiert und die Geb\u00e4ude werden sich selbst \u00fcberlassen.<\/p>\n<div id=\"grid-gallery-38-65608\" data-gg-id=\"38\" data-title=\"Sowjetische Garnison K.\" data-grid-type=\"0\" data-offset=\"5.3\" data-area-position=\"center\" data-icons=\"\" data-preloader=\"true\" data-width=\"215\" data-height=\"215\" data-padding=\"0\" data-quicksand=\"disabled\" data-quicksand-duration=\"none\" data-popup-theme=\"theme_6\" data-popup-type=\"pretty-photo\" data-popup-image-text=\"data-title\" data-popup-widthsize=\"auto\" data-popup-heightsize=\"auto\" data-popup-i18n-words=\"{&quot;close&quot;:&quot;schlie\\u00dfen&quot;,&quot;next&quot;:&quot;n\\u00e4chste&quot;,&quot;previous&quot;:&quot;vorherige&quot;,&quot;start_slideshow&quot;:&quot;Starte Slideshow&quot;,&quot;stop_slideshow&quot;:&quot;Stoppe Slideshow&quot;,&quot;image&quot;:&quot;Bild&quot;,&quot;of&quot;:&quot;von&quot;,&quot;prev&quot;:&quot;vorherige&quot;,&quot;cExpand&quot;:&quot;Erweitere&quot;,&quot;cPrevious&quot;:&quot;Vorheriges&quot;,&quot;cNext&quot;:&quot;N\\u00e4chstes&quot;,&quot;cExpandStr&quot;:&quot;Erweitere Bild&quot;,&quot;cRotate&quot;:&quot;Rotate&quot;,&quot;cDetails&quot;:&quot;Details&quot;}\" data-popup-slideshow=\"false\" data-popup-slideshow-speed=\"2500\" data-popup-hoverstop=\"false\" data-popup-slideshow-auto=\"false\" data-popup-background=\"\" data-popup-transparency=\"30\" data-popup-disable-history=\"\" data-popup-disable-changed-url=\"\" data-popup-border-type=\"\" data-popup-border-color=\"\" data-popup-border-width=\"\" data-popup-border-enable=\"\" data-fullscreen=\"false\" data-hide-tooltip=\"false\" data-caption-font-family=\"Default\" data-caption-text-size=\"140\" data-is-mobile=\"0\" data-caption-mobile=\"false\" data-hide-long-tltp-title=\"0\" data-caption-disabled-on-mobile=\"false\" data-popup-placement-type=\"0\" data-social-sharing=\"{&quot;enabled&quot;:&quot;&quot;,&quot;gallerySharing&quot;:{&quot;enabled&quot;:null,&quot;position&quot;:null},&quot;imageSharing&quot;:{&quot;enabled&quot;:null,&quot;wrapperClass&quot;:&quot; vertical &quot;},&quot;popupSharing&quot;:{&quot;enabled&quot;:null,&quot;wrapperClass&quot;:&quot; vertical &quot;}}\" class=\"grid-gallery grid-gallery-fixed \" style=\" width:100%; height:auto; margin-left:auto; margin-right:auto;position:relative;\"> <div class=\"gallery-loading\"> <div class=\"blocks\"> <div class=\"block\"><\/div> <div class=\"block\"><\/div> <div class=\"block\"><\/div> <div class=\"block\"><\/div> <\/div> <\/div> <div class=\"gallery-sharing-top\" style=\"display:none;\"> <\/div> <div id=\"photos-38\" class=\"grid-gallery-photos\"><FIGURE class=\"grid-gallery-caption\" data-grid-gallery-type=\"quarter-slide-up\" data-index=\"0\" style=\"display:none;border-radius:00;; margin:5.3px; width:2150;\" ><div class=\"crop\" style=\" width:2150; height:2150; overflow:hidden;\"><img decoding=\"async\" src=\"http:\/\/urbex-team-bremen-nord.de\/wp-content\/uploads\/2017\/07\/IMG_1544_5_6_tonemapped-215x215.jpg\" class=\"ggImg\" alt=\"Sowjetische Garnison K.\" title=\"Sowjetische Garnison K.\" data-description=\"Sowjetische Garnison K.\" data-caption=\"Sowjetische Garnison K.\" data-title=\"Sowjetische Garnison K.\" style=\" width:215px; height:215px;\" \/><\/div><FIGCAPTION class=\"\" data-alpha=\"5\" style=\"color:#ffffff; background-color:#6f0000; font-size:140; text-align:left; font-family:Default;\" ><div class=\"grid-gallery-figcaption-wrap\" style=\"\"><\/div><\/FIGCAPTION><\/FIGURE><FIGURE class=\"grid-gallery-caption\" data-grid-gallery-type=\"quarter-slide-up\" data-index=\"1\" style=\"display:none;border-radius:00;; margin:5.3px; width:2150;\" ><div class=\"crop\" style=\" width:2150; height:2150; overflow:hidden;\"><img decoding=\"async\" src=\"http:\/\/urbex-team-bremen-nord.de\/wp-content\/uploads\/2017\/07\/image001-215x215.jpg\" class=\"ggImg\" alt=\"Sowjetische Garnison K.\" title=\"Sowjetische Garnison K.\" data-description=\"Sowjetische Garnison K.\" data-caption=\"Sowjetische Garnison K.\" data-title=\"Sowjetische Garnison K.\" style=\" width:215px; height:215px;\" \/><\/div><FIGCAPTION class=\"\" data-alpha=\"5\" style=\"color:#ffffff; background-color:#6f0000; font-size:140; text-align:left; font-family:Default;\" ><div class=\"grid-gallery-figcaption-wrap\" style=\"\"><\/div><\/FIGCAPTION><\/FIGURE><FIGURE class=\"grid-gallery-caption\" data-grid-gallery-type=\"quarter-slide-up\" data-index=\"2\" style=\"display:none;border-radius:00;; margin:5.3px; width:2150;\" ><div class=\"crop\" style=\" width:2150; height:2150; overflow:hidden;\"><img decoding=\"async\" src=\"http:\/\/urbex-team-bremen-nord.de\/wp-content\/uploads\/2017\/07\/IMG_1504_5_6_tonemapped-Bearbeitet-215x215.jpg\" class=\"ggImg\" alt=\"Sowjetische Garnison K.\" title=\"Sowjetische Garnison K.\" data-description=\"Sowjetische Garnison K.\" data-caption=\"Sowjetische Garnison K.\" data-title=\"Sowjetische Garnison K.\" style=\" width:215px; height:215px;\" \/><\/div><FIGCAPTION class=\"\" data-alpha=\"5\" style=\"color:#ffffff; background-color:#6f0000; font-size:140; text-align:left; font-family:Default;\" ><div class=\"grid-gallery-figcaption-wrap\" style=\"\"><\/div><\/FIGCAPTION><\/FIGURE><FIGURE class=\"grid-gallery-caption\" data-grid-gallery-type=\"quarter-slide-up\" data-index=\"3\" style=\"display:none;border-radius:00;; margin:5.3px; width:2150;\" ><div class=\"crop\" style=\" width:2150; height:2150; overflow:hidden;\"><img decoding=\"async\" src=\"http:\/\/urbex-team-bremen-nord.de\/wp-content\/uploads\/2017\/07\/IMG_1508_09_10_tonemapped-215x215.jpg\" class=\"ggImg\" alt=\"Sowjetische Garnison K.\" title=\"Sowjetische Garnison K.\" data-description=\"Sowjetische Garnison K.\" data-caption=\"Sowjetische Garnison K.\" data-title=\"Sowjetische Garnison K.\" style=\" width:215px; height:215px;\" \/><\/div><FIGCAPTION class=\"\" data-alpha=\"5\" style=\"color:#ffffff; background-color:#6f0000; font-size:140; text-align:left; font-family:Default;\" ><div class=\"grid-gallery-figcaption-wrap\" style=\"\"><\/div><\/FIGCAPTION><\/FIGURE><FIGURE class=\"grid-gallery-caption\" data-grid-gallery-type=\"quarter-slide-up\" data-index=\"4\" style=\"display:none;border-radius:00;; margin:5.3px; width:2150;\" ><div class=\"crop\" style=\" width:2150; height:2150; overflow:hidden;\"><img decoding=\"async\" src=\"http:\/\/urbex-team-bremen-nord.de\/wp-content\/uploads\/2017\/07\/IMG_1512_3_4_tonemapped-215x215.jpg\" class=\"ggImg\" alt=\"Sowjetische Garnison K.\" title=\"Sowjetische Garnison K.\" data-description=\"Sowjetische Garnison K.\" data-caption=\"Sowjetische Garnison K.\" data-title=\"Sowjetische Garnison K.\" style=\" width:215px; height:215px;\" \/><\/div><FIGCAPTION class=\"\" data-alpha=\"5\" style=\"color:#ffffff; background-color:#6f0000; font-size:140; text-align:left; font-family:Default;\" ><div class=\"grid-gallery-figcaption-wrap\" style=\"\"><\/div><\/FIGCAPTION><\/FIGURE><FIGURE class=\"grid-gallery-caption\" data-grid-gallery-type=\"quarter-slide-up\" data-index=\"5\" style=\"display:none;border-radius:00;; margin:5.3px; width:2150;\" ><div class=\"crop\" style=\" width:2150; height:2150; overflow:hidden;\"><img decoding=\"async\" src=\"http:\/\/urbex-team-bremen-nord.de\/wp-content\/uploads\/2017\/07\/IMG_1548_49_50_tonemapped-215x215.jpg\" class=\"ggImg\" alt=\"Sowjetische Garnison K.\" title=\"Sowjetische Garnison K.\" data-description=\"Sowjetische Garnison K.\" data-caption=\"Sowjetische Garnison K.\" data-title=\"Sowjetische Garnison K.\" style=\" width:215px; height:215px;\" \/><\/div><FIGCAPTION class=\"\" data-alpha=\"5\" style=\"color:#ffffff; background-color:#6f0000; font-size:140; text-align:left; font-family:Default;\" ><div class=\"grid-gallery-figcaption-wrap\" style=\"\"><\/div><\/FIGCAPTION><\/FIGURE><FIGURE class=\"grid-gallery-caption\" data-grid-gallery-type=\"quarter-slide-up\" data-index=\"6\" style=\"display:none;border-radius:00;; margin:5.3px; width:2150;\" ><div class=\"crop\" style=\" width:2150; height:2150; overflow:hidden;\"><img decoding=\"async\" src=\"http:\/\/urbex-team-bremen-nord.de\/wp-content\/uploads\/2017\/07\/IMG_1520_1_2_tonemapped-215x215.jpg\" class=\"ggImg\" alt=\"Sowjetische Garnison K.\" title=\"Sowjetische Garnison K.\" data-description=\"Sowjetische Garnison K.\" data-caption=\"Sowjetische Garnison K.\" data-title=\"Sowjetische Garnison K.\" style=\" width:215px; height:215px;\" \/><\/div><FIGCAPTION class=\"\" data-alpha=\"5\" style=\"color:#ffffff; background-color:#6f0000; font-size:140; text-align:left; font-family:Default;\" ><div class=\"grid-gallery-figcaption-wrap\" style=\"\"><\/div><\/FIGCAPTION><\/FIGURE><FIGURE class=\"grid-gallery-caption\" data-grid-gallery-type=\"quarter-slide-up\" data-index=\"7\" style=\"display:none;border-radius:00;; margin:5.3px; width:2150;\" ><div class=\"crop\" style=\" width:2150; height:2150; overflow:hidden;\"><img decoding=\"async\" src=\"http:\/\/urbex-team-bremen-nord.de\/wp-content\/uploads\/2017\/07\/IMG_1528_29_30_tonemapped-215x215.jpg\" class=\"ggImg\" alt=\"Sowjetische Garnison K.\" title=\"Sowjetische Garnison K.\" data-description=\"Sowjetische Garnison K.\" data-caption=\"Sowjetische Garnison K.\" data-title=\"Sowjetische Garnison K.\" style=\" width:215px; height:215px;\" \/><\/div><FIGCAPTION class=\"\" data-alpha=\"5\" style=\"color:#ffffff; background-color:#6f0000; font-size:140; text-align:left; font-family:Default;\" ><div class=\"grid-gallery-figcaption-wrap\" style=\"\"><\/div><\/FIGCAPTION><\/FIGURE><FIGURE class=\"grid-gallery-caption\" data-grid-gallery-type=\"quarter-slide-up\" data-index=\"8\" style=\"display:none;border-radius:00;; margin:5.3px; width:2150;\" ><div class=\"crop\" style=\" width:2150; height:2150; overflow:hidden;\"><img decoding=\"async\" src=\"http:\/\/urbex-team-bremen-nord.de\/wp-content\/uploads\/2017\/07\/IMG_1536_7_8_tonemapped-215x215.jpg\" class=\"ggImg\" alt=\"Sowjetische Garnison K.\" title=\"Sowjetische Garnison K.\" data-description=\"Sowjetische Garnison K.\" data-caption=\"Sowjetische Garnison K.\" data-title=\"Sowjetische Garnison K.\" style=\" width:215px; height:215px;\" \/><\/div><FIGCAPTION class=\"\" data-alpha=\"5\" style=\"color:#ffffff; background-color:#6f0000; font-size:140; text-align:left; font-family:Default;\" ><div class=\"grid-gallery-figcaption-wrap\" style=\"\"><\/div><\/FIGCAPTION><\/FIGURE><FIGURE class=\"grid-gallery-caption\" data-grid-gallery-type=\"quarter-slide-up\" data-index=\"9\" style=\"display:none;border-radius:00;; margin:5.3px; width:2150;\" ><div class=\"crop\" style=\" width:2150; height:2150; overflow:hidden;\"><img decoding=\"async\" src=\"http:\/\/urbex-team-bremen-nord.de\/wp-content\/uploads\/2017\/07\/IMG_1557_8_9_tonemapped-215x215.jpg\" class=\"ggImg\" alt=\"Sowjetische Garnison K.\" title=\"Sowjetische Garnison K.\" data-description=\"Sowjetische Garnison K.\" data-caption=\"Sowjetische Garnison K.\" data-title=\"Sowjetische Garnison K.\" style=\" width:215px; height:215px;\" \/><\/div><FIGCAPTION class=\"\" data-alpha=\"5\" style=\"color:#ffffff; background-color:#6f0000; font-size:140; text-align:left; font-family:Default;\" ><div class=\"grid-gallery-figcaption-wrap\" style=\"\"><\/div><\/FIGCAPTION><\/FIGURE><FIGURE class=\"grid-gallery-caption\" data-grid-gallery-type=\"quarter-slide-up\" data-index=\"10\" style=\"display:none;border-radius:00;; margin:5.3px; width:2150;\" ><div class=\"crop\" style=\" width:2150; height:2150; overflow:hidden;\"><img decoding=\"async\" src=\"http:\/\/urbex-team-bremen-nord.de\/wp-content\/uploads\/2017\/07\/IMG_1561_2_3_tonemapped-215x215.jpg\" class=\"ggImg\" alt=\"Sowjetische Garnison K.\" title=\"Sowjetische Garnison K.\" data-description=\"Sowjetische Garnison K.\" data-caption=\"Sowjetische Garnison K.\" data-title=\"Sowjetische Garnison K.\" style=\" width:215px; height:215px;\" \/><\/div><FIGCAPTION class=\"\" data-alpha=\"5\" style=\"color:#ffffff; background-color:#6f0000; font-size:140; text-align:left; font-family:Default;\" ><div class=\"grid-gallery-figcaption-wrap\" style=\"\"><\/div><\/FIGCAPTION><\/FIGURE><FIGURE class=\"grid-gallery-caption\" data-grid-gallery-type=\"quarter-slide-up\" data-index=\"11\" style=\"display:none;border-radius:00;; margin:5.3px; width:2150;\" ><div class=\"crop\" style=\" width:2150; height:2150; overflow:hidden;\"><img decoding=\"async\" src=\"http:\/\/urbex-team-bremen-nord.de\/wp-content\/uploads\/2017\/07\/IMG_1573_4_5_tonemapped-215x215.jpg\" class=\"ggImg\" alt=\"Sowjetische Garnison K.\" title=\"Sowjetische Garnison K.\" data-description=\"Sowjetische Garnison K.\" data-caption=\"Sowjetische Garnison K.\" data-title=\"Sowjetische Garnison K.\" style=\" width:215px; height:215px;\" \/><\/div><FIGCAPTION class=\"\" data-alpha=\"5\" style=\"color:#ffffff; background-color:#6f0000; font-size:140; text-align:left; font-family:Default;\" ><div class=\"grid-gallery-figcaption-wrap\" style=\"\"><\/div><\/FIGCAPTION><\/FIGURE><FIGURE class=\"grid-gallery-caption\" data-grid-gallery-type=\"quarter-slide-up\" data-index=\"12\" style=\"display:none;border-radius:00;; margin:5.3px; width:2150;\" ><div class=\"crop\" style=\" width:2150; height:2150; overflow:hidden;\"><img decoding=\"async\" src=\"http:\/\/urbex-team-bremen-nord.de\/wp-content\/uploads\/2017\/07\/IMG_1581_2_3_tonemapped-215x215.jpg\" class=\"ggImg\" alt=\"Sowjetische Garnison K.\" title=\"Sowjetische Garnison K.\" data-description=\"Sowjetische Garnison K.\" data-caption=\"Sowjetische Garnison K.\" data-title=\"Sowjetische Garnison K.\" style=\" width:215px; height:215px;\" \/><\/div><FIGCAPTION class=\"\" data-alpha=\"5\" style=\"color:#ffffff; background-color:#6f0000; font-size:140; text-align:left; font-family:Default;\" ><div class=\"grid-gallery-figcaption-wrap\" style=\"\"><\/div><\/FIGCAPTION><\/FIGURE><FIGURE class=\"grid-gallery-caption\" data-grid-gallery-type=\"quarter-slide-up\" data-index=\"13\" style=\"display:none;border-radius:00;; margin:5.3px; width:2150;\" ><div class=\"crop\" style=\" width:2150; height:2150; overflow:hidden;\"><img decoding=\"async\" src=\"http:\/\/urbex-team-bremen-nord.de\/wp-content\/uploads\/2017\/07\/IMG_1601_2_3_tonemapped-215x215.jpg\" class=\"ggImg\" alt=\"Sowjetische Garnison K.\" title=\"Sowjetische Garnison K.\" data-description=\"Sowjetische Garnison K.\" data-caption=\"Sowjetische Garnison K.\" data-title=\"Sowjetische Garnison K.\" style=\" width:215px; height:215px;\" \/><\/div><FIGCAPTION class=\"\" data-alpha=\"5\" style=\"color:#ffffff; background-color:#6f0000; font-size:140; text-align:left; font-family:Default;\" ><div class=\"grid-gallery-figcaption-wrap\" style=\"\"><\/div><\/FIGCAPTION><\/FIGURE><FIGURE class=\"grid-gallery-caption\" data-grid-gallery-type=\"quarter-slide-up\" data-index=\"14\" style=\"display:none;border-radius:00;; margin:5.3px; width:2150;\" ><div class=\"crop\" style=\" width:2150; height:2150; overflow:hidden;\"><img decoding=\"async\" src=\"http:\/\/urbex-team-bremen-nord.de\/wp-content\/uploads\/2017\/07\/IMG_1605_6_7_tonemapped-215x215.jpg\" class=\"ggImg\" alt=\"Sowjetische Garnison K.\" title=\"Sowjetische Garnison K.\" data-description=\"Sowjetische Garnison K.\" data-caption=\"Sowjetische Garnison K.\" data-title=\"Sowjetische Garnison K.\" style=\" width:215px; height:215px;\" \/><\/div><FIGCAPTION class=\"\" data-alpha=\"5\" style=\"color:#ffffff; background-color:#6f0000; font-size:140; text-align:left; font-family:Default;\" ><div class=\"grid-gallery-figcaption-wrap\" style=\"\"><\/div><\/FIGCAPTION><\/FIGURE><FIGURE class=\"grid-gallery-caption\" data-grid-gallery-type=\"quarter-slide-up\" data-index=\"15\" style=\"display:none;border-radius:00;; margin:5.3px; width:2150;\" ><div class=\"crop\" style=\" width:2150; height:2150; overflow:hidden;\"><img decoding=\"async\" src=\"http:\/\/urbex-team-bremen-nord.de\/wp-content\/uploads\/2017\/07\/IMG_1609_10_11_tonemapped-215x215.jpg\" class=\"ggImg\" alt=\"Sowjetische Garnison K.\" title=\"Sowjetische Garnison K.\" data-description=\"Sowjetische Garnison K.\" data-caption=\"Sowjetische Garnison K.\" data-title=\"Sowjetische Garnison K.\" style=\" width:215px; height:215px;\" \/><\/div><FIGCAPTION class=\"\" data-alpha=\"5\" style=\"color:#ffffff; background-color:#6f0000; font-size:140; text-align:left; font-family:Default;\" ><div class=\"grid-gallery-figcaption-wrap\" style=\"\"><\/div><\/FIGCAPTION><\/FIGURE><FIGURE class=\"grid-gallery-caption\" data-grid-gallery-type=\"quarter-slide-up\" data-index=\"16\" style=\"display:none;border-radius:00;; margin:5.3px; width:2150;\" ><div class=\"crop\" style=\" width:2150; height:2150; overflow:hidden;\"><img decoding=\"async\" src=\"http:\/\/urbex-team-bremen-nord.de\/wp-content\/uploads\/2017\/07\/IMG_1613_4_5_tonemapped-215x215.jpg\" class=\"ggImg\" alt=\"Sowjetische Garnison K.\" title=\"Sowjetische Garnison K.\" data-description=\"Sowjetische Garnison K.\" data-caption=\"Sowjetische Garnison K.\" data-title=\"Sowjetische Garnison K.\" style=\" width:215px; height:215px;\" \/><\/div><FIGCAPTION class=\"\" data-alpha=\"5\" style=\"color:#ffffff; background-color:#6f0000; font-size:140; text-align:left; font-family:Default;\" ><div class=\"grid-gallery-figcaption-wrap\" style=\"\"><\/div><\/FIGCAPTION><\/FIGURE><FIGURE class=\"grid-gallery-caption\" data-grid-gallery-type=\"quarter-slide-up\" data-index=\"17\" style=\"display:none;border-radius:00;; margin:5.3px; width:2150;\" ><div class=\"crop\" style=\" width:2150; height:2150; overflow:hidden;\"><img decoding=\"async\" src=\"http:\/\/urbex-team-bremen-nord.de\/wp-content\/uploads\/2017\/07\/IMG_1617_8_9_tonemapped-215x215.jpg\" class=\"ggImg\" alt=\"Sowjetische Garnison K.\" title=\"Sowjetische Garnison K.\" data-description=\"Sowjetische Garnison K.\" data-caption=\"Sowjetische Garnison K.\" data-title=\"Sowjetische Garnison K.\" style=\" width:215px; height:215px;\" \/><\/div><FIGCAPTION class=\"\" data-alpha=\"5\" style=\"color:#ffffff; background-color:#6f0000; font-size:140; text-align:left; font-family:Default;\" ><div class=\"grid-gallery-figcaption-wrap\" style=\"\"><\/div><\/FIGCAPTION><\/FIGURE><FIGURE class=\"grid-gallery-caption\" data-grid-gallery-type=\"quarter-slide-up\" data-index=\"18\" style=\"display:none;border-radius:00;; margin:5.3px; width:2150;\" ><div class=\"crop\" style=\" width:2150; height:2150; overflow:hidden;\"><img decoding=\"async\" src=\"http:\/\/urbex-team-bremen-nord.de\/wp-content\/uploads\/2017\/07\/IMG_1625_6_7_tonemapped-215x215.jpg\" class=\"ggImg\" alt=\"Sowjetische Garnison K.\" title=\"Sowjetische Garnison K.\" data-description=\"Sowjetische Garnison K.\" data-caption=\"Sowjetische Garnison K.\" data-title=\"Sowjetische Garnison K.\" style=\" width:215px; height:215px;\" \/><\/div><FIGCAPTION class=\"\" data-alpha=\"5\" style=\"color:#ffffff; background-color:#6f0000; font-size:140; text-align:left; font-family:Default;\" ><div class=\"grid-gallery-figcaption-wrap\" style=\"\"><\/div><\/FIGCAPTION><\/FIGURE><FIGURE class=\"grid-gallery-caption\" data-grid-gallery-type=\"quarter-slide-up\" data-index=\"19\" style=\"display:none;border-radius:00;; margin:5.3px; width:2150;\" ><div class=\"crop\" style=\" width:2150; height:2150; overflow:hidden;\"><img decoding=\"async\" src=\"http:\/\/urbex-team-bremen-nord.de\/wp-content\/uploads\/2017\/07\/IMG_1629_30_31_tonemapped-215x215.jpg\" class=\"ggImg\" alt=\"Sowjetische Garnison K.\" title=\"Sowjetische Garnison K.\" data-description=\"Sowjetische Garnison K.\" data-caption=\"Sowjetische Garnison K.\" data-title=\"Sowjetische Garnison K.\" style=\" width:215px; height:215px;\" \/><\/div><FIGCAPTION class=\"\" data-alpha=\"5\" style=\"color:#ffffff; background-color:#6f0000; font-size:140; text-align:left; font-family:Default;\" ><div class=\"grid-gallery-figcaption-wrap\" style=\"\"><\/div><\/FIGCAPTION><\/FIGURE><FIGURE class=\"grid-gallery-caption\" data-grid-gallery-type=\"quarter-slide-up\" data-index=\"20\" style=\"display:none;border-radius:00;; margin:5.3px; width:2150;\" ><div class=\"crop\" style=\" width:2150; height:2150; overflow:hidden;\"><img decoding=\"async\" src=\"http:\/\/urbex-team-bremen-nord.de\/wp-content\/uploads\/2017\/07\/IMG_1633_4_5_tonemapped-215x215.jpg\" class=\"ggImg\" alt=\"Sowjetische Garnison K.\" title=\"Sowjetische Garnison K.\" data-description=\"Sowjetische Garnison K.\" data-caption=\"Sowjetische Garnison K.\" data-title=\"Sowjetische Garnison K.\" style=\" width:215px; height:215px;\" \/><\/div><FIGCAPTION class=\"\" data-alpha=\"5\" style=\"color:#ffffff; background-color:#6f0000; font-size:140; text-align:left; font-family:Default;\" ><div class=\"grid-gallery-figcaption-wrap\" style=\"\"><\/div><\/FIGCAPTION><\/FIGURE><FIGURE class=\"grid-gallery-caption\" data-grid-gallery-type=\"quarter-slide-up\" data-index=\"21\" style=\"display:none;border-radius:00;; margin:5.3px; width:2150;\" ><div class=\"crop\" style=\" width:2150; height:2150; overflow:hidden;\"><img decoding=\"async\" src=\"http:\/\/urbex-team-bremen-nord.de\/wp-content\/uploads\/2017\/07\/IMG_1655_6_7_tonemapped-215x215.jpg\" class=\"ggImg\" alt=\"Sowjetische Garnison K.\" title=\"Sowjetische Garnison K.\" data-description=\"Sowjetische Garnison K.\" data-caption=\"Sowjetische Garnison K.\" data-title=\"Sowjetische Garnison K.\" style=\" width:215px; height:215px;\" \/><\/div><FIGCAPTION class=\"\" data-alpha=\"5\" style=\"color:#ffffff; background-color:#6f0000; font-size:140; text-align:left; font-family:Default;\" ><div class=\"grid-gallery-figcaption-wrap\" style=\"\"><\/div><\/FIGCAPTION><\/FIGURE> <div class=\"grid-gallery-clearfix\"><\/div> <\/div> <div class=\"gallery-sharing-bottom\" style=\"display:none;\"> <\/div> <div class=\"gallery-sharing-image\" style=\"display:none;\"> <\/div> <div class=\"gallery-sharing-popup\" style=\"display:none;\"> <\/div> <div class=\"grid-gallery-clearfix\"><\/div> <\/div> <!-- Gallery by Supsystic plugin1.15.25 --><a title=\"Wordpress Gallery Plugin Free\" style=\"display:none;\" href=\"https:\/\/supsystic.com\/plugins\/photo-gallery\/?utm_medium=love_link\" target=\"_blank\">Wordpress Gallery Plugin Free<\/a>\n","protected":false},"excerpt":{"rendered":"<p>In unmittelbarere N\u00e4he eines vorhandenen Truppen\u00fcbungsplatzes begann gegen Ende der 1930er Jahre die Geschichte dieser Kavallerieschule. Bis in die ersten Kriegsjahre hinein stand an der Lehranstalt die Ausbildung von Pferd und Reiter an erster Stelle. Die deutlich zunehmende Motorisierung und die seit Mitte der 30er Jahre laufende Abl\u00f6sung der traditionellen Kavallerie durch den Panzer ver\u00e4nderten &hellip; <a href=\"https:\/\/urbex-team-bremen-nord.de\/?page_id=1066\" class=\"more-link\"><span class=\"screen-reader-text\">Sowjetische Garnison K.<\/span> weiterlesen<\/a><\/p>\n","protected":false},"author":2,"featured_media":0,"parent":0,"menu_order":0,"comment_status":"closed","ping_status":"closed","template":"","meta":{"ngg_post_thumbnail":0,"footnotes":""},"class_list":["post-1066","page","type-page","status-publish","hentry"],"_links":{"self":[{"href":"https:\/\/urbex-team-bremen-nord.de\/index.php?rest_route=\/wp\/v2\/pages\/1066","targetHints":{"allow":["GET"]}}],"collection":[{"href":"https:\/\/urbex-team-bremen-nord.de\/index.php?rest_route=\/wp\/v2\/pages"}],"about":[{"href":"https:\/\/urbex-team-bremen-nord.de\/index.php?rest_route=\/wp\/v2\/types\/page"}],"author":[{"embeddable":true,"href":"https:\/\/urbex-team-bremen-nord.de\/index.php?rest_route=\/wp\/v2\/users\/2"}],"replies":[{"embeddable":true,"href":"https:\/\/urbex-team-bremen-nord.de\/index.php?rest_route=%2Fwp%2Fv2%2Fcomments&post=1066"}],"version-history":[{"count":1,"href":"https:\/\/urbex-team-bremen-nord.de\/index.php?rest_route=\/wp\/v2\/pages\/1066\/revisions"}],"predecessor-version":[{"id":1067,"href":"https:\/\/urbex-team-bremen-nord.de\/index.php?rest_route=\/wp\/v2\/pages\/1066\/revisions\/1067"}],"wp:attachment":[{"href":"https:\/\/urbex-team-bremen-nord.de\/index.php?rest_route=%2Fwp%2Fv2%2Fmedia&parent=1066"}],"curies":[{"name":"wp","href":"https:\/\/api.w.org\/{rel}","templated":true}]}}